{"id":622,"date":"2015-02-01T12:38:18","date_gmt":"2015-02-01T11:38:18","guid":{"rendered":"http:\/\/electro-strasbourg.eu\/blog\/?page_id=622"},"modified":"2022-10-01T16:34:47","modified_gmt":"2022-10-01T14:34:47","slug":"studio-docs","status":"publish","type":"page","link":"http:\/\/electro-strasbourg.eu\/blog\/ressources\/studio\/studio-docs\/","title":{"rendered":"Studio docs"},"content":{"rendered":"\n<h2 class=\"wp-block-heading\"><em>Studio<\/em><\/h2>\n\n\n\n<h5 class=\"wp-block-heading\">Yamaha 01v96i<\/h5>\n\n\n\n<p><a href=\"http:\/\/electro-strasbourg.eu\/blog\/wp-content\/uploads\/2015\/02\/01v96i_fr_rm_a0.pdf\" target=\"_blank\" rel=\"noopener\">Manuel de r\u00e9f\u00e9rence<\/a><\/p>\n\n\n\n<hr class=\"wp-block-separator has-alpha-channel-opacity\"\/>\n\n\n\n<h2 class=\"wp-block-heading\"><em>Synth\u00e9tiseurs<\/em><\/h2>\n\n\n\n<h5 class=\"wp-block-heading\">Korg MS-20 Mini<\/h5>\n\n\n\n<p><a href=\"http:\/\/electro-strasbourg.eu\/blog\/ressources\/studio\/studio-docs\/korg-ms-20-mini\/\">Page de docs et vid\u00e9os<\/a><\/p>\n\n\n\n<hr class=\"wp-block-separator has-alpha-channel-opacity\"\/>\n\n\n\n<h2 class=\"wp-block-heading\"><em>iPad<\/em><\/h2>\n\n\n\n<h3 class=\"wp-block-heading\"><a href=\"http:\/\/www.reactable.com\/products\/mobile\/\" target=\"_blank\" rel=\"noopener\">Reactable Mobile<\/a><\/h3>\n\n\n\n<ul class=\"wp-block-list\"><li><a href=\"http:\/\/reactable.com\/mobile\/manual\/\" target=\"_blank\" rel=\"noopener\">On-line Manual (en anglais)<\/a><\/li><\/ul>\n\n\n\n<h3 class=\"wp-block-heading\"><a href=\"http:\/\/hexler.net\/software\/touchosc\" target=\"_blank\" rel=\"noopener\">TouchOSC <\/a><\/h3>\n\n\n\n<ul class=\"wp-block-list\"><li>TouchOSC Editor\n<ul>\n<li><a href=\"http:\/\/hexler.net\/mint\/pepper\/orderedlist\/downloads\/download.php?file=http%3A\/\/hexler.net\/pub\/touchosc\/touchosc-editor-1.6.0-osx.zip\">touchosc-editor-1.6.0-osx.zip<\/a>&nbsp;Mac OS X<\/li>\n<li><a href=\"http:\/\/hexler.net\/mint\/pepper\/orderedlist\/downloads\/download.php?file=http%3A\/\/hexler.net\/pub\/touchosc\/touchosc-editor-1.6.0-win32.zip\">touchosc-editor-1.6.0-win32.zip<\/a>&nbsp;XP \/ Vista \/ 7 (32bit)<\/li>\n<li><a href=\"http:\/\/hexler.net\/mint\/pepper\/orderedlist\/downloads\/download.php?file=http%3A\/\/hexler.net\/pub\/touchosc\/touchosc-editor-1.6.0-win64.zip\">touchosc-editor-1.6.0-win64.zip<\/a>&nbsp;XP \/ Vista \/ 7 (64bit)<\/li>\n<li><a href=\"http:\/\/hexler.net\/mint\/pepper\/orderedlist\/downloads\/download.php?file=http%3A\/\/hexler.net\/pub\/touchosc\/touchosc-editor-1.6.0-noarch.zip\">touchosc-editor-1.6.0-noarch.zip<\/a>&nbsp;Linux \/ other<\/li>\n<\/ul>\n<\/li><li><a style=\"font-size: 18px; font-weight: bold; line-height: 1.3333333333;\" href=\"http:\/\/hexler.net\/docs\/touchosc\" target=\"_blank\" rel=\"noopener\">On-line documentation<\/a><\/li><\/ul>\n\n\n\n<h3 class=\"wp-block-heading\"><a href=\"http:\/\/www.bitshapesoftware.com\/instruments\/gyrosc\/\" target=\"_blank\" rel=\"noopener\">gyrosc<\/a><\/h3>\n\n\n\n<h3 class=\"wp-block-heading\"><a href=\"http:\/\/www.bitshapesoftware.com\/instruments\/tc-data\/\" target=\"_blank\" rel=\"noopener\">tc-data<\/a><\/h3>\n\n\n\n<ul class=\"wp-block-list\"><li><a href=\"http:\/\/electro-strasbourg.eu\/blog\/wp-content\/uploads\/2015\/02\/tc-data-user-guide-1.0.pdf\" target=\"_blank\" rel=\"noopener\">doc<\/a><\/li><\/ul>\n\n\n\n<h3 class=\"wp-block-heading\"><a href=\"http:\/\/mrmr.noisepages.com\/\" target=\"_blank\" rel=\"noopener\">Mrmr<\/a><\/h3>\n","protected":false},"excerpt":{"rendered":"<p>Studio Yamaha 01v96i Manuel de r\u00e9f\u00e9rence Synth\u00e9tiseurs Korg MS-20 Mini Page de docs et vid\u00e9os iPad Reactable Mobile On-line Manual (en anglais) TouchOSC TouchOSC Editor touchosc-editor-1.6.0-osx.zip&nbsp;Mac OS X touchosc-editor-1.6.0-win32.zip&nbsp;XP \/ Vista \/ 7 (32bit) touchosc-editor-1.6.0-win64.zip&nbsp;XP \/ Vista \/ 7 (64bit) touchosc-editor-1.6.0-noarch.zip&nbsp;Linux \/ other On-line documentation gyrosc tc-data doc Mrmr<\/p>\n","protected":false},"author":1,"featured_media":0,"parent":620,"menu_order":0,"comment_status":"closed","ping_status":"closed","template":"","meta":{"jetpack_post_was_ever_published":false,"footnotes":""},"class_list":["post-622","page","type-page","status-publish","hentry"],"jetpack_shortlink":"https:\/\/wp.me\/P3WkX1-a2","jetpack_sharing_enabled":false,"_links":{"self":[{"href":"http:\/\/electro-strasbourg.eu\/blog\/wp-json\/wp\/v2\/pages\/622","targetHints":{"allow":["GET"]}}],"collection":[{"href":"http:\/\/electro-strasbourg.eu\/blog\/wp-json\/wp\/v2\/pages"}],"about":[{"href":"http:\/\/electro-strasbourg.eu\/blog\/wp-json\/wp\/v2\/types\/page"}],"author":[{"embeddable":true,"href":"http:\/\/electro-strasbourg.eu\/blog\/wp-json\/wp\/v2\/users\/1"}],"replies":[{"embeddable":true,"href":"http:\/\/electro-strasbourg.eu\/blog\/wp-json\/wp\/v2\/comments?post=622"}],"version-history":[{"count":12,"href":"http:\/\/electro-strasbourg.eu\/blog\/wp-json\/wp\/v2\/pages\/622\/revisions"}],"predecessor-version":[{"id":4654,"href":"http:\/\/electro-strasbourg.eu\/blog\/wp-json\/wp\/v2\/pages\/622\/revisions\/4654"}],"up":[{"embeddable":true,"href":"http:\/\/electro-strasbourg.eu\/blog\/wp-json\/wp\/v2\/pages\/620"}],"wp:attachment":[{"href":"http:\/\/electro-strasbourg.eu\/blog\/wp-json\/wp\/v2\/media?parent=622"}],"curies":[{"name":"wp","href":"https:\/\/api.w.org\/{rel}","templated":true}]}}