{"id":4406,"date":"2021-12-31T13:47:47","date_gmt":"2021-12-31T12:47:47","guid":{"rendered":"http:\/\/electro-strasbourg.eu\/blog\/?page_id=4406"},"modified":"2022-06-30T13:42:45","modified_gmt":"2022-06-30T11:42:45","slug":"events-2021-2022","status":"publish","type":"page","link":"http:\/\/electro-strasbourg.eu\/blog\/events\/events-2021-2022\/","title":{"rendered":"Events 2021-2022"},"content":{"rendered":"\n<p class=\"has-medium-font-size\"><strong>Une s\u00e9lection d&rsquo;\u00e9v\u00e9nements et projets :<br>cr\u00e9ation&nbsp;et interpr\u00e9tation \u00e9lectroacoustique \/ composition mixte<\/strong><\/p>\n\n\n\n<h4 class=\"wp-block-heading\">2021-2022<\/h4>\n\n\n\n<h5 class=\"wp-block-heading\">Ev\u00e9nements :<\/h5>\n\n\n\n<h2 class=\"wp-block-heading\"><strong>Septembre 2021<\/strong>&nbsp;<\/h2>\n\n\n\n<ul class=\"wp-block-list\"><li><strong>Master Classe&nbsp;: <\/strong><\/li><\/ul>\n\n\n\n<div class=\"wp-block-group\"><div class=\"wp-block-group__inner-container is-layout-flow wp-block-group-is-layout-flow\">\n<p><strong>Hans&nbsp;Abrahamsen<\/strong>, <strong><br>Vendredi 17 septembre<\/strong> <strong><br>09h30 \u00e0 12h00&nbsp;:<\/strong>&nbsp;Cit\u00e9 de la Musique&nbsp;et de la Danse, salle&nbsp;20, <strong><br>15h00&nbsp;<\/strong>: G\u00e9n\u00e9rale de \u201cSchnee\u201d Ensemble Recherche, Halle A des&nbsp;<strong>Halles Citadelle,&nbsp;<\/strong>11 rue des Nantes, 67100 Strasbourg.&nbsp;<strong><br>16h30 :<\/strong>&nbsp;<strong>\u00e9change avec les musiciens de l\u2019Ensemble Recherche<\/strong>&nbsp;et avec Hans&nbsp;<strong>Abrahamsen<\/strong>&nbsp;<strong><br>Mercredi&nbsp;15&nbsp;septembre<\/strong>&nbsp;\u00e0 20h00&nbsp;:&nbsp;<strong>vous \u00eates&nbsp;invit\u00e9s<\/strong>&nbsp;\u00e0 assister \u00e0 la&nbsp;<strong>cr\u00e9ation&nbsp;<\/strong>de&nbsp;l\u2019op\u00e9ra&nbsp;<strong>\u201c<em>The Snow Quee<\/em>n\u201d&nbsp;<\/strong>de Hans&nbsp;<strong>Abrahamsen&nbsp;<\/strong>\u00e0 l\u2019Op\u00e9ra National du Rhin. Important : retirez vos tickets \u00e0 19h30 au plus tard.&nbsp;<\/p>\n<\/div><\/div>\n\n\n\n<ul class=\"wp-block-list\"><li><strong>Mardi 14 septembre 14h-17h<\/strong>&nbsp;&#8211; S\u00e9ance d\u2019enregistrement Com\u00e9diens Marseillaise&nbsp;<\/li><\/ul>\n\n\n\n<h2 class=\"wp-block-heading\"><strong>Octobre 2021<\/strong>&nbsp;<\/h2>\n\n\n\n<ul class=\"wp-block-list\"><li><strong>Workshops et Ateliers<\/strong>&nbsp;<\/li><\/ul>\n\n\n\n<p><strong><em>Antescofo&nbsp;2<\/em><\/strong><strong>&nbsp;\u2013 Gr\u00e9goire&nbsp;Lorieux<\/strong>&nbsp;<\/p>\n\n\n\n<p>Deux journ\u00e9es :&nbsp;<strong>vendredi 1 octobre<\/strong>&nbsp;et&nbsp;<strong>jeudi 7 octobre<\/strong>, 10<strong>h<\/strong>30-13h et 15h30-18h30&nbsp;<\/p>\n\n\n\n<ul class=\"wp-block-list\"><li><strong>Speed Dating<\/strong>&nbsp;<\/li><\/ul>\n\n\n\n<p>Rencontre entre&nbsp;interpr\u00e8tes<strong>&nbsp;de la HEAR<\/strong>&nbsp;(solistes et groupes de chambre) engag\u00e9s dans la cr\u00e9ation et&nbsp;compositrices.teurs&nbsp;de la HEAR et du CRR.&nbsp;<\/p>\n\n\n\n<p><strong>Jeudi 7 octobre 14h-15h, salle 157<\/strong>&nbsp;<\/p>\n\n\n\n<ul class=\"wp-block-list\"><li><strong>Master&nbsp;Classe<\/strong><strong>&nbsp;&#8211;&nbsp;<\/strong><strong>Programmation de pi\u00e8ces d\u2019\u00e9tudiants<\/strong>&nbsp;<\/li><\/ul>\n\n\n\n<p><strong>Journ\u00e9es&nbsp;Acousmonium&nbsp;avec Christian Eloy<\/strong>&nbsp;\u2013 master classes et concerts&nbsp;<\/p>\n\n\n\n<p>Du&nbsp;<strong>dimanche&nbsp;10&nbsp;au mercredi&nbsp;13 octobre<\/strong>,&nbsp;Auditorium du CRR&nbsp;<\/p>\n\n\n\n<p>Important : destin\u00e9&nbsp;\u00e0&nbsp;10 \u00e9tudiants actifs + auditeurs.&nbsp;<\/p>\n\n\n\n<ul class=\"wp-block-list\"><li><strong>Workshops et Ateliers<\/strong>&nbsp;<\/li><\/ul>\n\n\n\n<p><strong><em>Rencontre avec les ensembles&nbsp;Hanatsu&nbsp;Miroir &#8211; Proxima&nbsp;Centauri&nbsp;(Bordeaux) et&nbsp;Paramirabo&nbsp;(Montr\u00e9al)<\/em><\/strong>&nbsp;<\/p>\n\n\n\n<p><strong>Vendredi 22 et samedi 23&nbsp;octobre&nbsp;<\/strong>(horaires \u00e0 confirmer) &#8211;&nbsp;action autour du&nbsp;concert&nbsp;du 23 octobre&nbsp;des trois ensembles associ\u00e9s qui aura lieu \u00e0 la CMD de Strasbourg&nbsp;\u00e0 20h,&nbsp;cr\u00e9ations de Sylvain Marty,&nbsp;Rocio&nbsp;Cano&nbsp;Valino, James&nbsp;O\u2019Callaghan, Maxime McKinley et&nbsp;Dider&nbsp;Rotella&nbsp;et en pr\u00e9sence de tous les&nbsp;compositeurs.trices.&nbsp;<\/p>\n\n\n\n<ul class=\"wp-block-list\"><li><strong>Programmation de pi\u00e8ces d\u2019\u00e9tudiants<\/strong>&nbsp;<\/li><\/ul>\n\n\n\n<p><strong>Festival&nbsp;Impuls, Leipzig, Allemagne<\/strong>&nbsp;<\/p>\n\n\n\n<p>Mercredi 13 octobre :&nbsp;pi\u00e8ce de&nbsp;Mat\u00edas&nbsp;Fernandez Rosales.&nbsp;<\/p>\n\n\n\n<p>Vendredi 22 octobre : pi\u00e8ces de&nbsp;Jinsol&nbsp;Kim et Romain&nbsp;Gachot.&nbsp;<\/p>\n\n\n\n<ul class=\"wp-block-list\"><li><strong>Workshops et Ateliers<\/strong>&nbsp;<\/li><\/ul>\n\n\n\n<p><strong>25 au 28 octobre&nbsp;<\/strong>: stage d\u2019initiation \u00e0 la composition par A.&nbsp;Schl\u00fcnz.&nbsp;<\/p>\n\n\n\n<h2 class=\"wp-block-heading\"><strong>Novembre 2021<\/strong>&nbsp;<\/h2>\n\n\n\n<ul class=\"wp-block-list\"><li><strong>Workshops et Ateliers<\/strong><strong>&nbsp;&#8211;&nbsp;<\/strong><strong>Conf\u00e9rences<\/strong><strong>&nbsp;<\/strong><strong>&#8211;&nbsp;<\/strong><strong>Programmation de pi\u00e8ces d\u2019\u00e9tudiants<\/strong>&nbsp;<\/li><\/ul>\n\n\n\n<p><strong>Journ\u00e9es Nationales de la Musique Electroacoustique (JNME) 2021<\/strong>&nbsp;<\/p>\n\n\n\n<p>De l\u2019AECME&nbsp;(Association des Enseignants de la Composition en Musique Electroacoustique.&nbsp;<\/p>\n\n\n\n<p><strong>23 au 26 novembre<\/strong>&nbsp;\u00e0&nbsp;Amiens et&nbsp;Tourcoing&nbsp;<\/p>\n\n\n\n<ul class=\"wp-block-list\"><li><strong>Master Classe<\/strong>&nbsp;<\/li><\/ul>\n\n\n\n<p><strong>H\u00e9l\u00e8ne&nbsp;Breschand&nbsp;&#8211;&nbsp;harpiste<\/strong>&nbsp;<\/p>\n\n\n\n<p>La technique contemporaine de la harpe.&nbsp;<\/p>\n\n\n\n<p><strong>23 novembre<\/strong>&nbsp;\u00e0&nbsp;17h00,&nbsp;au studio d\u2019enregistrement de&nbsp;la Cit\u00e9 de la Musique et de la&nbsp;<\/p>\n\n\n\n<p>Danse&nbsp;(salle \u00e0 confirmer), organis\u00e9 en&nbsp;collaboration avec&nbsp;l\u2019Unistra.&nbsp;&nbsp;<\/p>\n\n\n\n<ul class=\"wp-block-list\"><li><strong>Journ\u00e9e d&rsquo;Etude&nbsp;<\/strong><em>(Mise En) ESPACES<\/em>&nbsp;<\/li><\/ul>\n\n\n\n<p><strong>Workshops et Ateliers&nbsp;&#8211;&nbsp;Conf\u00e9rences&nbsp;&#8211;&nbsp;Programmation de pi\u00e8ces d\u2019\u00e9tudiant<\/strong>&nbsp;, <strong>du&nbsp;vendredi 26&nbsp;novembre&nbsp;(installation technique)&nbsp;au<em>&nbsp;<\/em>mercredi&nbsp;1&nbsp;d\u00e9cembre.<\/strong>&nbsp;<\/p>\n\n\n\n<p>lien : <a href=\"http:\/\/espaces-sonores.hear.fr\/portfolio\/journee-detude-mise-en-espaces\/\" target=\"_blank\" rel=\"noreferrer noopener\">http:\/\/espaces-sonores.hear.fr\/portfolio\/journee-detude-mise-en-espaces\/<\/a><\/p>\n\n\n\n<ul class=\"wp-block-list\"><li><strong><em>Genesis 2 &amp;&nbsp;Helicanthe<\/em><\/strong><strong>&nbsp;&#8211; Claude&nbsp;Cadoz&nbsp;(ACROE)<\/strong>&nbsp;<\/li><\/ul>\n\n\n\n<p><strong>Samedi 27 et dimanche 28 novembre<\/strong>&nbsp;(dates \u00e0 confirmer)&nbsp;<\/p>\n\n\n\n<p>HEAR&nbsp;&#8211;&nbsp;Ecole d\u2019art, Auditorium et salle d\u2019expo \u201cla chaufferie\u201d&nbsp;:&nbsp;<\/p>\n\n\n\n<p><strong>D\u00f4me de haut-parleurs.<\/strong>&nbsp;<\/p>\n\n\n\n<p><strong>Mercredi 29 (concert invit\u00e9s), mardi&nbsp;30&nbsp;(concert&nbsp;des professeurs)&nbsp;<\/strong>et&nbsp;<strong>mercredi&nbsp;1 d\u00e9cembre&nbsp;(concert des \u00e9tudiants).<\/strong>&nbsp;<\/p>\n\n\n\n<h2 class=\"wp-block-heading\"><strong>D\u00e9cembre 2021<\/strong>&nbsp;<\/h2>\n\n\n\n<ul class=\"wp-block-list\"><li><strong>Projets de Cr\u00e9ation<\/strong>&nbsp;<\/li><\/ul>\n\n\n\n<p>Projet Cin\u00e9-concert \u00ab\u00a0Rodtchenko \u00e0 Paris\u00a0\u00bb&nbsp;&#8211; cr\u00e9ation \u00e9lectroacoustique, mixte et improvis\u00e9e. Jad EL&nbsp;Kechen&nbsp;et 2 interpr\u00e8tes de la HEAR.&nbsp;<\/p>\n\n\n\n<p><strong>Vendredi&nbsp;3 ou&nbsp;samedi&nbsp;4 d\u00e9cembre<\/strong>&nbsp;<\/p>\n\n\n\n<h2 class=\"wp-block-heading\"><strong>Mars 2022<\/strong>&nbsp;<\/h2>\n\n\n\n<ul class=\"wp-block-list\"><li><strong>Master Classe<\/strong>&nbsp;<\/li><\/ul>\n\n\n\n<p><strong>Ivan&nbsp;Fedele&nbsp;&#8211;<\/strong>&nbsp;dans le cadre de son concert monographique avec Accroche Note&nbsp;<\/p>\n\n\n\n<p><strong>Jeudi 24 mars<\/strong>, salle 156,&nbsp;<strong>horaire \u00e0 confirmer<\/strong>.&nbsp;<\/p>\n\n\n\n<h2 class=\"wp-block-heading\"><strong>Avril 2022<\/strong>&nbsp;<\/h2>\n\n\n\n<ul class=\"wp-block-list\"><li><strong>Workshops et Ateliers<\/strong>&nbsp;<\/li><\/ul>\n\n\n\n<p><strong>11 au 14&nbsp;avril<\/strong>:&nbsp;stage d\u2019initiation \u00e0 la composition par A.&nbsp;Schl\u00fcnz.&nbsp;<\/p>\n\n\n\n<h2 class=\"wp-block-heading\"><strong>Mai 2022<\/strong>&nbsp;<\/h2>\n\n\n\n<ul class=\"wp-block-list\"><li><strong>Projets&nbsp;de&nbsp;<\/strong><strong>Cr\u00e9ation<\/strong><strong>&nbsp;&#8211;&nbsp;<\/strong><strong>pi\u00e8ces d\u2019\u00e9tudiants<\/strong>&nbsp;<\/li><\/ul>\n\n\n\n<p><strong>Cr\u00e9ation(s) pour l\u2019Orchestre Symphonique de la HEAR<\/strong>&nbsp;<\/p>\n\n\n\n<p>Du&nbsp;<strong>2 au 6 mai<\/strong>&nbsp;&#8211; Semaine de la direction, Auditorium&nbsp;de&nbsp;la Cit\u00e9 de la Musique et de la Danse&nbsp;<\/p>\n\n\n\n<ul class=\"wp-block-list\"><li><strong>Projets de Cr\u00e9ation<\/strong><strong>&nbsp;&#8211;&nbsp;<\/strong><strong>pi\u00e8ces d\u2019\u00e9tudiants<\/strong>&nbsp;<\/li><\/ul>\n\n\n\n<p><strong>Ensemble&nbsp;Contemporain&nbsp;de la HEAR<\/strong>&nbsp;<br>Du&nbsp;<strong>2 au 6 mai<\/strong>&nbsp;&#8211; Semaine de la direction&nbsp;et le samedi 11 juin &#8211; Semaine de la cr\u00e9ation&nbsp;<\/p>\n\n\n\n<ul class=\"wp-block-list\"><li><strong>Journ\u00e9e d&rsquo;Etude<\/strong><strong>&nbsp;&#8211;&nbsp;<\/strong><strong>Conf\u00e9rences<\/strong><strong>&nbsp;&#8211;&nbsp;<\/strong><strong>Programmation de pi\u00e8ces d\u2019\u00e9tudiants<\/strong>&nbsp;<\/li><\/ul>\n\n\n\n<p><strong>Journ\u00e9e d\u2019\u00e9tude, Musique mixte : composition musicale et interdisciplinarit\u00e9<\/strong>&nbsp;<\/p>\n\n\n\n<p><strong>Lundi 16&nbsp;<\/strong>et&nbsp;<strong>mardi 17 mai<\/strong>.&nbsp;Conf\u00e9rences d\u2019invit\u00e9s ext\u00e9rieurs.&nbsp;Cr\u00e9ations mixtes avec l\u2019ensemble L\u2019Imaginaire. Collaboration avec classes art de la HEAR.&nbsp;<\/p>\n\n\n\n<ul class=\"wp-block-list\"><li><strong>Projets de Cr\u00e9ation<\/strong><strong>&nbsp;&#8211;&nbsp;<\/strong><strong>pi\u00e8ces d\u2019\u00e9tudiants<\/strong>&nbsp;<\/li><\/ul>\n\n\n\n<p><strong>Ensemble L\u2019Imaginaire<\/strong>&nbsp;&#8211; dans le contexte du projet de recherche Musiques Mixtes&nbsp;&#8211;&nbsp; trio&nbsp;fl\u00fbte(s), saxophone(s) et piano (+ claviers\/contr\u00f4leurs, etc.)&nbsp;<\/p>\n\n\n\n<p><strong>Lundi 16&nbsp;<\/strong>(r\u00e9p\u00e9titions) et&nbsp;<strong>mardi 17 mai<\/strong>&nbsp;(g\u00e9n\u00e9rale et concert), Auditorium de la Cit\u00e9&nbsp; de&nbsp;la Musique et de la Danse (\u00e0 confirmer).&nbsp;<\/p>\n\n\n\n<p><strong>30 novembre<\/strong>&nbsp;: 1e s\u00e9ance =&gt;&nbsp;<strong>ne fonctionne pas<\/strong>.&nbsp;<\/p>\n\n\n\n<p><strong>3 f\u00e9vrier<\/strong>&nbsp;: 2e s\u00e9ance&nbsp;<\/p>\n\n\n\n<p><strong>15 avril<\/strong>&nbsp;: rendu de la partition d\u00e9finitive&nbsp;<\/p>\n\n\n\n<p><strong>16 mai&nbsp;<\/strong>: r\u00e9p\u00e9tition auditorium CMD&nbsp;<\/p>\n\n\n\n<p><strong>17 mai<\/strong>&nbsp;: concert&nbsp;<\/p>\n\n\n\n<ul class=\"wp-block-list\"><li><strong>Projets de Cr\u00e9ation<\/strong><strong>&nbsp;&#8211;&nbsp;<\/strong><strong>pi\u00e8ces d\u2019\u00e9tudiants<\/strong>&nbsp;<\/li><\/ul>\n\n\n\n<p><strong>Ensemble Accroche Note<\/strong><strong>&nbsp;&#8211;&nbsp;<\/strong>Quatuor (voix, clarinette(s), violoncelle et piano)&nbsp;<br><strong>Mercredi 18&nbsp;<\/strong>(r\u00e9p\u00e9titions)<strong>&nbsp;Jeudi&nbsp;19 mai<\/strong>&nbsp;(g\u00e9n\u00e9rale et concert),&nbsp;Auditorium&nbsp;de&nbsp;la Cit\u00e9 de la Musique et de la Danse&nbsp;<\/p>\n\n\n\n<h2 class=\"wp-block-heading\"><strong>Juin 2022<\/strong>&nbsp;<\/h2>\n\n\n\n<ul class=\"wp-block-list\"><li><strong>Projets de&nbsp;Cr\u00e9ation&nbsp;&#8211;&nbsp;Programmation de pi\u00e8ces d\u2019\u00e9tudiants<\/strong>&nbsp;<\/li><\/ul>\n\n\n\n<p>voir page : <\/p>\n\n\n\n<p><a href=\"http:\/\/electro-strasbourg.eu\/blog\/audiovideo-archives\/journees-de-la-jeune-creation-2022\/\">Journ\u00e9es de la Jeune\u00a0Cr\u00e9ation\u00a02022<\/a><\/p>\n\n\n\n<p>Du&nbsp;4&nbsp;au&nbsp;11&nbsp;juin&nbsp;:&nbsp;<\/p>\n\n\n\n<ul class=\"wp-block-list\"><li>7 : concerts-examens&nbsp;(concerts 1, 2 et 3)<\/li><li>8 : entretiens avec le jury&nbsp;<\/li><li>9 : concert sans jury, programme libre ( concert 4)<\/li><\/ul>\n\n\n\n<ul class=\"wp-block-list\"><li>11 : concert orchestre symphonique et ensemble contemporain de la HEAR&nbsp;<\/li><\/ul>\n","protected":false},"excerpt":{"rendered":"<p>Une s\u00e9lection d&rsquo;\u00e9v\u00e9nements et projets :cr\u00e9ation&nbsp;et interpr\u00e9tation \u00e9lectroacoustique \/ composition mixte 2021-2022 Ev\u00e9nements : Septembre 2021&nbsp; Master Classe&nbsp;: Hans&nbsp;Abrahamsen, Vendredi 17 septembre 09h30 \u00e0 12h00&nbsp;:&nbsp;Cit\u00e9 de la Musique&nbsp;et de la Danse, salle&nbsp;20, 15h00&nbsp;: G\u00e9n\u00e9rale de \u201cSchnee\u201d Ensemble Recherche, Halle A des&nbsp;Halles Citadelle,&nbsp;11 rue des Nantes, 67100 Strasbourg.&nbsp;16h30 :&nbsp;\u00e9change avec les musiciens de l\u2019Ensemble Recherche&nbsp;et avec &hellip; <a href=\"http:\/\/electro-strasbourg.eu\/blog\/events\/events-2021-2022\/\" class=\"more-link\">Continuer la lecture de <span class=\"screen-reader-text\">Events 2021-2022<\/span>  <span class=\"meta-nav\">&rarr;<\/span><\/a><\/p>\n","protected":false},"author":1,"featured_media":0,"parent":283,"menu_order":0,"comment_status":"closed","ping_status":"closed","template":"","meta":{"jetpack_post_was_ever_published":false,"footnotes":""},"class_list":["post-4406","page","type-page","status-publish","hentry"],"jetpack_shortlink":"https:\/\/wp.me\/P3WkX1-194","jetpack_sharing_enabled":true,"_links":{"self":[{"href":"http:\/\/electro-strasbourg.eu\/blog\/wp-json\/wp\/v2\/pages\/4406","targetHints":{"allow":["GET"]}}],"collection":[{"href":"http:\/\/electro-strasbourg.eu\/blog\/wp-json\/wp\/v2\/pages"}],"about":[{"href":"http:\/\/electro-strasbourg.eu\/blog\/wp-json\/wp\/v2\/types\/page"}],"author":[{"embeddable":true,"href":"http:\/\/electro-strasbourg.eu\/blog\/wp-json\/wp\/v2\/users\/1"}],"replies":[{"embeddable":true,"href":"http:\/\/electro-strasbourg.eu\/blog\/wp-json\/wp\/v2\/comments?post=4406"}],"version-history":[{"count":6,"href":"http:\/\/electro-strasbourg.eu\/blog\/wp-json\/wp\/v2\/pages\/4406\/revisions"}],"predecessor-version":[{"id":4608,"href":"http:\/\/electro-strasbourg.eu\/blog\/wp-json\/wp\/v2\/pages\/4406\/revisions\/4608"}],"up":[{"embeddable":true,"href":"http:\/\/electro-strasbourg.eu\/blog\/wp-json\/wp\/v2\/pages\/283"}],"wp:attachment":[{"href":"http:\/\/electro-strasbourg.eu\/blog\/wp-json\/wp\/v2\/media?parent=4406"}],"curies":[{"name":"wp","href":"https:\/\/api.w.org\/{rel}","templated":true}]}}