{"id":40,"date":"2013-09-22T23:13:05","date_gmt":"2013-09-22T22:13:05","guid":{"rendered":"http:\/\/electro-strasbourg.eu\/blog\/?page_id=40"},"modified":"2014-01-26T15:25:24","modified_gmt":"2014-01-26T14:25:24","slug":"choix-de-cours-par-discipline","status":"publish","type":"page","link":"http:\/\/electro-strasbourg.eu\/blog\/cours-par-annee\/cours-2013-2014\/choix-de-cours-par-discipline\/","title":{"rendered":"Choix de cours par discipline"},"content":{"rendered":"<p>Pour plus d&rsquo;info sur les cours, voir <a title=\"Cours 2013-2014\" href=\"http:\/\/electro-strasbourg.eu\/blog\/cours-2013-2014\/\">Description des cours<\/a>.<\/p>\n<h4><b>Dominante Electroacoustique :<\/b><\/h4>\n<ul>\n<li><b><i>Cr\u00e9ation &#8211; suivi projets<\/i><\/b><i>\u00a0<\/i>(Licence , Master)<\/li>\n<li><b><i>Culture Contemporaine et Electronique<\/i><\/b>\u00a0\u00a0(Licence)<\/li>\n<li><b><i>Electroacoustique et Informatique Musicale<\/i><\/b>\u00a0(Licence, Master)<\/li>\n<\/ul>\n<ul>\n<li><b><i>Lutherie\/Ensemble Electronique<\/i><\/b> au 2e semestre\u00a0\u00a0(Licence, Master)<\/li>\n<\/ul>\n<p>&nbsp;<\/p>\n<h4><b>Compositeurs instrumentaux :<\/b><\/h4>\n<p>Tous les \u00e9l\u00e8ves en composition de Philippe Manoury doivent faire au moins 2 cours en \u00e9lectroacoustique :<\/p>\n<ul>\n<li><b><i>Electroacoustique et Informatique Musicale &#8211; initiation<\/i><\/b><\/li>\n<li><b><i>Culture Contemporaine et Electronique<\/i><\/b><\/li>\n<\/ul>\n<p>Pour les compositeurs ayant d\u00e9j\u00e0 de l&rsquo;exp\u00e9rience en \u00e9lectroacoustique, ils peuvent suivre :<\/p>\n<ul>\n<li><b><i>Electroacoustique et Informatique Musicale &#8211; L1<\/i><\/b>, \u00e0 la place de l&rsquo;initiation<\/li>\n<\/ul>\n<p>et \u00e9ventuellement:<\/p>\n<ul>\n<li><b><i>Lutherie\/Ensemble Electronique<\/i><\/b> au 2e semestre<\/li>\n<\/ul>\n<p>Si ils ont de l&rsquo;exp\u00e9rience suffisante pour r\u00e9aliser un projet d&rsquo;envergure, ils peuvent aussi suivre:<\/p>\n<ul>\n<li><b><i>Cr\u00e9ation &#8211; suivi projets<\/i><\/b><\/li>\n<\/ul>\n<p>&nbsp;<\/p>\n<h4><b>Instrumentistes (Sans exp\u00e9rience \u00e9lectroacoustique) :<\/b><\/h4>\n<p>Le stricte minimum pour les instrumentistes c&rsquo;est un semestre<\/p>\n<ul>\n<li>soit de <b><i>Prise de son et montage<\/i><\/b> (d&rsquo;Antoine Spindler)<\/li>\n<li>soit de <b><i>Musique Mixte &#8211; initiation minimum<\/i><\/b> (uniquement au 2e semestre)<\/li>\n<li>soit de <b><i>Gravure<\/i><\/b> (ne fait pas parti de la classe \u00e9lectroacoustique)<\/li>\n<\/ul>\n<p>Les instrumentistes souhaitant faire un travail plus approffondi en musique mixte sont vivement encourag\u00e9s \u00e0 suivre:<\/p>\n<ul>\n<li><b><i>Musique Mixte 1<\/i><\/b>, deux heures toutes les deux semaines durant toute l&rsquo;ann\u00e9e.<\/li>\n<\/ul>\n<p>Tous les instrumentistes sont aussi vivement encourag\u00e9 \u00e0 suivre:<\/p>\n<ul>\n<li><b><i>Culture Contemporaine et Electronique<\/i><\/b><\/li>\n<\/ul>\n<p>Et par ailleurs, sont encourag\u00e9 \u00e0 assister aux s\u00e9minaires que Philippe Manoury donnera sur Wozzeck.<\/p>\n<p>&nbsp;<\/p>\n<h4><b>Instrumentistes (Ayant d\u00e9j\u00e0 de l&rsquo;exp\u00e9rience \u00e9lectroacoustique) :<\/b><\/h4>\n<p>Les instrumentistes ayant de l&rsquo;exp\u00e9rience en \u00e9lectroacoustique, comme par exemple ceux qui ont suivi les cours de la r\u00e9sidence de Tom Mays autour des nouvelles technologies l&rsquo;ann\u00e9e derni\u00e8re, passeront directement en:<\/p>\n<ul>\n<li><b><i>Musique Mixte 2<\/i><\/b>, deux heures toutes les deux semaines durant toute l&rsquo;ann\u00e9e.<\/li>\n<\/ul>\n<p>Ils sont aussi vivement encourag\u00e9 \u00e0 suivre:<\/p>\n<ul>\n<li><b><i>Culture Contemporaine et Electronique<\/i><\/b><\/li>\n<\/ul>\n<p>Pour ceux qui ont suivi \u00ab\u00a0Lutherie Electronique\u00a0\u00bb l&rsquo;ann\u00e9e derni\u00e8re et veulent poursuivre l&rsquo;informatique musicale et les programmations sonores et interactives, il faut suivre:<\/p>\n<ul>\n<li><b><i>Electroacoustique et Informatique Musicale &#8211; L1<\/i><\/b><\/li>\n<\/ul>\n<p>et de pr\u00e9f\u00e9rence \u00e9galement :<\/p>\n<ul>\n<li><b><i>Lutherie\/Ensemble Electronique<\/i><\/b>\u00a0au 2e semestre<\/li>\n<\/ul>\n<p>Ceux qui s&rsquo;y int\u00e9resserait, mais qui n&rsquo;ont fait que le travail musical avec l&rsquo;ensemble \u00e9lectronique l&rsquo;ann\u00e9e derni\u00e8re et non pas le travail informatique, il faut plut\u00f4t suivre:<\/p>\n<ul>\n<li><b><i>Electroacoustique et Informatique Musicale &#8211; initiation<\/i><\/b><\/li>\n<\/ul>\n<p>&nbsp;<\/p>\n<p>Voir aussi :\u00a0<a title=\"Cours 2013-2014\" href=\"http:\/\/electro-strasbourg.eu\/blog\/cours-2013-2014\/\">Description des cours<\/a>.<\/p>\n","protected":false},"excerpt":{"rendered":"<p>Pour plus d&rsquo;info sur les cours, voir Description des cours. Dominante Electroacoustique : Cr\u00e9ation &#8211; suivi projets\u00a0(Licence , Master) Culture Contemporaine et Electronique\u00a0\u00a0(Licence) Electroacoustique et Informatique Musicale\u00a0(Licence, Master) Lutherie\/Ensemble Electronique au 2e semestre\u00a0\u00a0(Licence, Master) &nbsp; Compositeurs instrumentaux : Tous les \u00e9l\u00e8ves en composition de Philippe Manoury doivent faire au moins 2 cours en \u00e9lectroacoustique : &hellip; <a href=\"http:\/\/electro-strasbourg.eu\/blog\/cours-par-annee\/cours-2013-2014\/choix-de-cours-par-discipline\/\" class=\"more-link\">Continuer la lecture de <span class=\"screen-reader-text\">Choix de cours par discipline<\/span>  <span class=\"meta-nav\">&rarr;<\/span><\/a><\/p>\n","protected":false},"author":1,"featured_media":0,"parent":7,"menu_order":3,"comment_status":"closed","ping_status":"closed","template":"","meta":{"jetpack_post_was_ever_published":false,"footnotes":""},"class_list":["post-40","page","type-page","status-publish","hentry"],"jetpack_shortlink":"https:\/\/wp.me\/P3WkX1-E","jetpack_sharing_enabled":false,"_links":{"self":[{"href":"http:\/\/electro-strasbourg.eu\/blog\/wp-json\/wp\/v2\/pages\/40","targetHints":{"allow":["GET"]}}],"collection":[{"href":"http:\/\/electro-strasbourg.eu\/blog\/wp-json\/wp\/v2\/pages"}],"about":[{"href":"http:\/\/electro-strasbourg.eu\/blog\/wp-json\/wp\/v2\/types\/page"}],"author":[{"embeddable":true,"href":"http:\/\/electro-strasbourg.eu\/blog\/wp-json\/wp\/v2\/users\/1"}],"replies":[{"embeddable":true,"href":"http:\/\/electro-strasbourg.eu\/blog\/wp-json\/wp\/v2\/comments?post=40"}],"version-history":[{"count":7,"href":"http:\/\/electro-strasbourg.eu\/blog\/wp-json\/wp\/v2\/pages\/40\/revisions"}],"predecessor-version":[{"id":171,"href":"http:\/\/electro-strasbourg.eu\/blog\/wp-json\/wp\/v2\/pages\/40\/revisions\/171"}],"up":[{"embeddable":true,"href":"http:\/\/electro-strasbourg.eu\/blog\/wp-json\/wp\/v2\/pages\/7"}],"wp:attachment":[{"href":"http:\/\/electro-strasbourg.eu\/blog\/wp-json\/wp\/v2\/media?parent=40"}],"curies":[{"name":"wp","href":"https:\/\/api.w.org\/{rel}","templated":true}]}}

<p>Pour plus d&rsquo;info sur les cours, voir <a title="Cours 2013-2014" href="http://electro-strasbourg.eu/blog/cours-2013-2014/">Description des cours</a>.</p>
<h4><b>Dominante Electroacoustique :</b></h4>
<ul>
<li><b><i>Création &#8211; suivi projets</i></b><i> </i>(Licence , Master)</li>
<li><b><i>Culture Contemporaine et Electronique</i></b>  (Licence)</li>
<li><b><i>Electroacoustique et Informatique Musicale</i></b> (Licence, Master)</li>
</ul>
<ul>
<li><b><i>Lutherie/Ensemble Electronique</i></b> au 2e semestre  (Licence, Master)</li>
</ul>
<p>&nbsp;</p>
<h4><b>Compositeurs instrumentaux :</b></h4>
<p>Tous les élèves en composition de Philippe Manoury doivent faire au moins 2 cours en électroacoustique :</p>
<ul>
<li><b><i>Electroacoustique et Informatique Musicale &#8211; initiation</i></b></li>
<li><b><i>Culture Contemporaine et Electronique</i></b></li>
</ul>
<p>Pour les compositeurs ayant déjà de l&rsquo;expérience en électroacoustique, ils peuvent suivre :</p>
<ul>
<li><b><i>Electroacoustique et Informatique Musicale &#8211; L1</i></b>, à la place de l&rsquo;initiation</li>
</ul>
<p>et éventuellement:</p>
<ul>
<li><b><i>Lutherie/Ensemble Electronique</i></b> au 2e semestre</li>
</ul>
<p>Si ils ont de l&rsquo;expérience suffisante pour réaliser un projet d&rsquo;envergure, ils peuvent aussi suivre:</p>
<ul>
<li><b><i>Création &#8211; suivi projets</i></b></li>
</ul>
<p>&nbsp;</p>
<h4><b>Instrumentistes (Sans expérience électroacoustique) :</b></h4>
<p>Le stricte minimum pour les instrumentistes c&rsquo;est un semestre</p>
<ul>
<li>soit de <b><i>Prise de son et montage</i></b> (d&rsquo;Antoine Spindler)</li>
<li>soit de <b><i>Musique Mixte &#8211; initiation minimum</i></b> (uniquement au 2e semestre)</li>
<li>soit de <b><i>Gravure</i></b> (ne fait pas parti de la classe électroacoustique)</li>
</ul>
<p>Les instrumentistes souhaitant faire un travail plus approffondi en musique mixte sont vivement encouragés à suivre:</p>
<ul>
<li><b><i>Musique Mixte 1</i></b>, deux heures toutes les deux semaines durant toute l&rsquo;année.</li>
</ul>
<p>Tous les instrumentistes sont aussi vivement encouragé à suivre:</p>
<ul>
<li><b><i>Culture Contemporaine et Electronique</i></b></li>
</ul>
<p>Et par ailleurs, sont encouragé à assister aux séminaires que Philippe Manoury donnera sur Wozzeck.</p>
<p>&nbsp;</p>
<h4><b>Instrumentistes (Ayant déjà de l&rsquo;expérience électroacoustique) :</b></h4>
<p>Les instrumentistes ayant de l&rsquo;expérience en électroacoustique, comme par exemple ceux qui ont suivi les cours de la résidence de Tom Mays autour des nouvelles technologies l&rsquo;année dernière, passeront directement en:</p>
<ul>
<li><b><i>Musique Mixte 2</i></b>, deux heures toutes les deux semaines durant toute l&rsquo;année.</li>
</ul>
<p>Ils sont aussi vivement encouragé à suivre:</p>
<ul>
<li><b><i>Culture Contemporaine et Electronique</i></b></li>
</ul>
<p>Pour ceux qui ont suivi « Lutherie Electronique » l&rsquo;année dernière et veulent poursuivre l&rsquo;informatique musicale et les programmations sonores et interactives, il faut suivre:</p>
<ul>
<li><b><i>Electroacoustique et Informatique Musicale &#8211; L1</i></b></li>
</ul>
<p>et de préférence également :</p>
<ul>
<li><b><i>Lutherie/Ensemble Electronique</i></b> au 2e semestre</li>
</ul>
<p>Ceux qui s&rsquo;y intéresserait, mais qui n&rsquo;ont fait que le travail musical avec l&rsquo;ensemble électronique l&rsquo;année dernière et non pas le travail informatique, il faut plutôt suivre:</p>
<ul>
<li><b><i>Electroacoustique et Informatique Musicale &#8211; initiation</i></b></li>
</ul>
<p>&nbsp;</p>
<p>Voir aussi : <a title="Cours 2013-2014" href="http://electro-strasbourg.eu/blog/cours-2013-2014/">Description des cours</a>.</p>

<p>Pour plus d&rsquo;info sur les cours, voir Description des cours. Dominante Electroacoustique : Création &#8211; suivi projets (Licence , Master) Culture Contemporaine et Electronique  (Licence) Electroacoustique et Informatique Musicale (Licence, Master) Lutherie/Ensemble Electronique au 2e semestre  (Licence, Master) &nbsp; Compositeurs instrumentaux : Tous les élèves en composition de Philippe Manoury doivent faire au moins 2 cours en électroacoustique : &hellip; <a href="http://electro-strasbourg.eu/blog/cours-par-annee/cours-2013-2014/choix-de-cours-par-discipline/" class="more-link">Continuer la lecture de <span class="screen-reader-text">Choix de cours par discipline</span>  <span class="meta-nav">&rarr;</span></a></p>
