{"id":3556,"date":"2020-01-25T18:57:04","date_gmt":"2020-01-25T17:57:04","guid":{"rendered":"http:\/\/electro-strasbourg.eu\/blog\/?page_id=3556"},"modified":"2020-01-29T22:51:32","modified_gmt":"2020-01-29T21:51:32","slug":"cours-2019-2020","status":"publish","type":"page","link":"http:\/\/electro-strasbourg.eu\/blog\/cours-par-annee\/cours-2019-2020\/","title":{"rendered":"Cours 2019-2020"},"content":{"rendered":"<h3 style=\"text-align: left;\">Cours de Cr\u00e9ation et Interpr\u00e9tation Electroacoustique\u00a0propos\u00e9s durant 2019-2020)<\/h3>\n<p><span style=\"color: #ff0000;\">(indicatif, \u00e0 titre d&rsquo;info)<\/span><\/p>\n<p>-&gt;\u00a0Page de <a href=\"http:\/\/electro-strasbourg.eu\/blog\/presentation\">Pr\u00e9sentation<\/a><br \/>\n-&gt; Page des <a href=\"http:\/\/www.hear.fr\/admissions\/musique-adm\/\" target=\"_blank\" rel=\"noopener noreferrer\">Admissions \u00e0 l&rsquo;Acad\u00e9mie Sup\u00e9rieure de Musique<\/a><br \/>\n-&gt; Page d&rsquo;inscription au <a href=\"https:\/\/www.conservatoire.strasbourg.eu\/inscription-et-admission\/admission-en-musique-2\/en-horaires-traditionnels\/\" target=\"_blank\" rel=\"noopener noreferrer\">Conservatoire de Strasbourg<\/a><\/p>\n<ul>\n<li>\n<h5>Pour les \u00e9tudiants en\u00a0<strong><em>Cr\u00e9ation et Interpr\u00e9tation Electroacoustique<\/em><\/strong>\u00a0\u2013 Tom Mays<\/h5>\n<ul>\n<li>composition \u00e9lectroacoustique et informatique musicale : dispositifs temps-r\u00e9el et temps diff\u00e9r\u00e9, traitements, analyses, synth\u00e8ses, algorithmes, interactivit\u00e9, instruments augment\u00e9s, ensemble \u00e9lectronique, interpr\u00e9tation, et collaboration sur des projets transversaux inter-arts (danse, th\u00e9\u00e2tre, art plastique, art visuel\u2026).\n<ul>\n<li><a href=\"#creationsuivi\">Cr\u00e9ation\/composition \u00e9lectroacoustique<\/a><\/li>\n<li><a href=\"#electroinfomusdom\">Electroacoustique et informatique musicale\u00a0(dominante)<\/a>\n<ul>\n<li>chaque ann\u00e9e COA\/COP\/DNSPM et Master<\/li>\n<\/ul>\n<\/li>\n<li><a href=\"#lutherie\">Lutherie\/Ensemble \u00e9lectronique<\/a><\/li>\n<li><a href=\"#culture\">Culture contemporaine et \u00e9lectronique<\/a> ( compris dans la premi\u00e8re ann\u00e9e d&rsquo;\u00e9lectroacoustique)<\/li>\n<li><a href=\"#enreg1\">Technique Studio 1<\/a><\/li>\n<li><a href=\"#enreg2\">Technique Studio 2<\/a>\u00a0(provisoire)<\/li>\n<\/ul>\n<\/li>\n<\/ul>\n<\/li>\n<\/ul>\n<ul>\n<li>\n<h5>Etudiants en Composition \u2013 Daniel D&rsquo;Adamo<\/h5>\n<ul>\n<li><strong>Composition instrumentale, vocale et mixte<\/strong>\n<ul>\n<li><a href=\"#electroinfomuscompo\">Electroacoustique et informatique musicale (compositeurs)<\/a>\u00a0(sur 3 ans)<\/li>\n<li><a href=\"#culture\">Culture contemporaine et \u00e9lectronique<\/a> ( compris dans la premi\u00e8re ann\u00e9e d&rsquo;\u00e9lectroacoustique)<\/li>\n<li><a href=\"#enreg1\">Technique Studio 1<\/a><\/li>\n<li><a href=\"#enreg2\">Technique Studio 2<\/a>\u00a0(provisoire)<\/li>\n<\/ul>\n<\/li>\n<\/ul>\n<\/li>\n<\/ul>\n<ul>\n<li>\n<h5>Etudiants\u00a0instruments\/voix<\/h5>\n<ul>\n<li><strong>Acad\u00e9mie Sup\u00e9rieure<\/strong>\n<ul>\n<li><a href=\"#enreg1\">Technique Studio 1<\/a><\/li>\n<li><a href=\"#mixte1\">Initiation \u00e0 la Musique \u00e9lectronique<\/a><\/li>\n<li><a href=\"#mixte2\">Musique Mixte<\/a><\/li>\n<li><a href=\"#mixteproj\">Musique Mixte Projet<\/a><\/li>\n<\/ul>\n<\/li>\n<li><strong>El\u00e8ves \u00ab\u00a0junior\u00a0\u00bb<\/strong>\n<ul>\n<li><a href=\"#electrojunior\">Pratique Collectif Musique Electronique Junior (certaines ann\u00e9es)<\/a><\/li>\n<\/ul>\n<\/li>\n<li><strong>Etudiants en\u00a0DE<\/strong>\n<ul>\n<li><a href=\"#pedago\">Outils Informatiques P\u00e9dagogiques<\/a> (certaines ann\u00e9es)<\/li>\n<\/ul>\n<\/li>\n<\/ul>\n<\/li>\n<\/ul>\n<hr \/>\n<h5 id=\"creationsuivi\">Cr\u00e9ation\/Composition \u2013 suivi de projets<\/h5>\n<p style=\"padding-left: 30px;\"><span style=\"line-height: 1.5;\">Cours de la dominante<\/span><br \/>\nNiveaux : <span style=\"line-height: 1.5;\">CAO \/ COP \/ Licence-DNSPM \/\u00a0Master<\/span><br \/>\nenv. 1h\/semaine (cours collectif ou individuel selon besoins)<br \/>\nSalle 156\/Studio d&rsquo;enregistrement<br \/>\nProf :\u00a0<strong>Tom Mays<\/strong><\/p>\n<h6 style=\"text-align: justify; padding-left: 30px;\"><span lang=\"FR\">Descriptif\u00a0:<\/span><\/h6>\n<p class=\"texte\" style=\"text-align: justify; padding-left: 30px;\"><span lang=\"FR\">Suivi de projets de composition\/cr\u00e9ation l\u2019\u00e9lectroacoustique ou incluant l\u2019\u00e9lectronique. Destin\u00e9 aux \u00e9l\u00e8ves en dominante Cr\u00e9ation et Interpr\u00e9tation Electroacoustique, ainsi qu\u2019aux compositeurs instrumentaux et instrumentistes selon leur niveau qui souhaitent r\u00e9aliser un projet d\u2019envergure avec \u00e9lectronique. Il faut suivre en parall\u00e8le Electroacoustique et Informatique Musicale. Auditions publiques chaque semestre.<\/span><\/p>\n<h6 style=\"text-align: justify; padding-left: 30px;\"><span lang=\"FR\">Evaluation :<\/span><\/h6>\n<p class=\"texte\" style=\"text-align: justify; padding-left: 30px;\"><span lang=\"FR\">Qualit\u00e9, musicalit\u00e9 et originalit\u00e9 du travail de r\u00e9alisation des projets et exercices, participation aux auditions et concerts de la classe, assiduit\u00e9.<\/span><\/p>\n<hr \/>\n<h5 id=\"electroinfomuscompo\">Electroacoustique et Informatique Musicale \u2013\u00a0compositeurs<\/h5>\n<p style=\"padding-left: 30px;\">Cours pour Etudiants de la classe de composition<br \/>\nNiveaux : <span style=\"line-height: 1.5;\">CAO \/ COP \/ Licence-DNSPM \/\u00a0Master<\/span><br \/>\n3h\/semaine<br \/>\nSalle 156<br \/>\nProf :\u00a0<strong>Tom Mays<\/strong><\/p>\n<h6 style=\"text-align: justify; padding-left: 30px;\">Descriptif\u00a0:<\/h6>\n<p style=\"text-align: justify; padding-left: 30px;\">Initiation aux outils de l\u2019\u00e9lectroacoustique et de l\u2019informatique Musicale. Destin\u00e9 principalement aux \u00e9tudiants de la classe de composition instrumental ayant peu ou pas d\u2019exp\u00e9rience avec l\u2019\u00e9lectroacoustique. Les bases de l\u2019\u00e9lectroacoustique et de l&rsquo;acousmatique, enregistrement, montage, mixage, traitements temps diff\u00e9r\u00e9 (AudioSculpt, Spear), techniques de synth\u00e8se sonores, traitements temps r\u00e9el, initiation \u00e0 la programmation MaxMSP\/PureData et d\u2019autres environnements, interfaces et contr\u00f4leurs, suivi de param\u00e8tres musicaux, initiation au suivi de partition, r\u00e9alisation de plusieurs exercices et \u00e9tudes, ainsi qu\u2019un projet de fin d\u2019ann\u00e9e. Programme sur 3 ans.<\/p>\n<h6 style=\"text-align: justify; padding-left: 30px;\">Evaluation :<\/h6>\n<p style=\"text-align: justify; padding-left: 30px;\">Qualit\u00e9, musicalit\u00e9 et originalit\u00e9 du travail de r\u00e9alisation des projets et exercices, maitrise technique, participation aux auditions et concerts de la classe, assiduit\u00e9.<\/p>\n<hr \/>\n<h5 id=\"electroinfomusdom\">Electroacoustique et Informatique Musicale \u2013 (Dominante Electro)<\/h5>\n<p style=\"padding-left: 30px;\">Cours de la dominante<br \/>\nNiveaux : cour principal de la dominante Cr\u00e9ation et Interpr\u00e9tation Electroacoustique, <span style=\"line-height: 1.5;\">CAO \/ COP \/ Licence-DNSPM \/\u00a0Master<\/span><br \/>\n3h\/semaine<br \/>\nSalle 156<br \/>\nProf :\u00a0<strong>Tom Mays<\/strong><\/p>\n<h6 style=\"text-align: justify; padding-left: 30px;\">Descriptif\u00a0:<\/h6>\n<p style=\"text-align: justify; padding-left: 30px;\">Th\u00e9orie, outils, et \u00e9coute \u2013 de l&rsquo;\u00e9lectroacoustique et de l\u2019informatique Musicale. Destin\u00e9 aux \u00e9l\u00e8ves en dominante Cr\u00e9ation et Interpr\u00e9tation Electroacoustique, ainsi qu\u2019aux compositeurs instrumentaux et instrumentistes ayant d\u00e9j\u00e0 de l\u2019exp\u00e9rience avec l\u2019\u00e9lectroacoustique (ayant suivi le niveau d\u2019Initiation ou l\u2019\u00e9quivalent). Programmation Max\/PureData, Traitements avanc\u00e9s avec AudioSculpt de l\u2019Ircam, environnements et programmations des synth\u00e8ses sonores, manipulations avanc\u00e9es de samples et de fichiers sons, contr\u00f4les gestuels avec surfaces \u2013 cam\u00e9ras \u2013 Karlax \u2013 capteurs, suivi de param\u00e8tres musicaux avanc\u00e9, suivi de partition avanc\u00e9, conception\/r\u00e9alisation de dispositifs live \u2013 temps r\u00e9el \u2013 interactifs, r\u00e9alisation d\u2019exercices et de projets d\u2019envergure, participation \u00e0 des concours nationaux et internationaux. A suivre en parall\u00e8le \u00ab Cr\u00e9ation \u2013 suivi de projets \u00bb.<\/p>\n<h6 style=\"text-align: justify; padding-left: 30px;\">Evaluation :<\/h6>\n<p style=\"text-align: justify; padding-left: 30px;\">Qualit\u00e9, musicalit\u00e9 et originalit\u00e9 du travail de r\u00e9alisation des projets et exercices, maitrise technique, participation aux auditions et concerts de la classe, participations aux concours ext\u00e9rieurs, assiduit\u00e9.<\/p>\n<hr \/>\n<h5 id=\"culture\" style=\"text-align: justify;\">Culture Contemporaine et Electronique<\/h5>\n<p style=\"padding-left: 30px;\">(1 ann\u00e9e)<br \/>\nNiveaux : Licence-DNSPM,\u00a0Master, CRR cycle 3 sous r\u00e9serve<br \/>\n1h par semaine, COMPRIS dans le cours Electroacoustique et Informatique Musicale niveau 1<br \/>\nSalle 156<br \/>\nProfs :\u00a0<strong>Tom Mays<\/strong><\/p>\n<h6 style=\"text-align: justify; padding-left: 30px;\">Descriptif\u00a0:<\/h6>\n<p style=\"text-align: justify; padding-left: 30px;\">Culture de la musique contemporaine, \u00e9lectroacoustique et mixte par \u00e9coutes et explorations des musiques depuis les pionniers de l\u2019\u00e9lectroacoustique jusqu\u2019\u00e0 nos jours. Les musiques seront pr\u00e9sent\u00e9es de fa\u00e7on dynamique avec d\u00e9monstrations des principes par \u00ab patches \u00bb de concert autant que possible en plus des documents audio-visuels. Destin\u00e9 \u00e0 tous les profils : Dominante, compositeurs instrumentaux, instrumentistes avec ou sans exp\u00e9rience en \u00e9lectroacoustique. Prof: Tom Mays.<\/p>\n<h6 style=\"text-align: justify; padding-left: 30px;\">Evaluation :<\/h6>\n<p style=\"text-align: justify; padding-left: 30px;\">Examen\/Commentaire d\u2019\u00e9coute chaque semestre, assiduit\u00e9.<\/p>\n<hr \/>\n<h5 id=\"lutherie\" style=\"text-align: justify;\">Lutherie\/Ensemble Electronique<\/h5>\n<p style=\"padding-left: 30px;\">Cours de la dominante<br \/>\nNiveaux : COP \/ Licence-DNSPM\u00a0\/\u00a0Master<br \/>\n2h\/semaine<br \/>\nSalle 156<br \/>\nProf :\u00a0<strong>Tom Mays<\/strong><\/p>\n<h6 style=\"text-align: justify; padding-left: 30px;\">Descriptif\u00a0:<\/h6>\n<p style=\"text-align: justify; padding-left: 30px;\">Lutherie\/programmations d\u2019instruments \u00e9lectroniques et participation dans le pratique collective Ensemble Electronique de Strasbourg. Destin\u00e9 aux \u00e9l\u00e8ves ayant d\u00e9j\u00e0 de l\u2019exp\u00e9rience dans la musique \u00e9lectroacoustique, et ayant fait au moins un semestre de Electroacoustique et Informatique Musicale Initiation. Utilisation de Max, Pd, Live et d\u2019autres environnements pour cr\u00e9er et jouer des sons \u00e0 l\u2019aide de contr\u00f4leurs comme Karlax, Zil, wiimotes, t\u00e9l\u00e9phones, cam\u00e9ras, etc. Nous allons travailler musicalement l\u2019interpr\u00e9tation ou la r\u00e9interpr\u00e9tation d\u2019\u0153uvres existantes et des cr\u00e9ations sp\u00e9cifiques pour l\u2019ensemble dans le contexte de la classe de cr\u00e9ation Electroacoustique. Concert public de fin d\u2019ann\u00e9e de la classe \u00e9lectroacoustique avec les \u0153uvres s\u00e9lectionn\u00e9s.<\/p>\n<h6 style=\"text-align: justify; padding-left: 30px;\">Evaluation :<\/h6>\n<p style=\"text-align: justify; padding-left: 30px;\">Qualit\u00e9, musicalit\u00e9 et originalit\u00e9 du travail de r\u00e9alisation, maitrise technique, participation aux auditions et concerts de la classe, assiduit\u00e9.<\/p>\n<hr \/>\n<h5 id=\"enreg1\" style=\"text-align: justify;\">Technique Studio 1 (Prise de son \/ enregistrement \/ montage)<\/h5>\n<p style=\"padding-left: 30px;\">(1\u00a0semestre)<br \/>\nNiveaux : COA \/ COP \/ Licence-DNSPM,\u00a0Master<br \/>\n2h\/semaine<br \/>\nSalle 156<br \/>\nProf :\u00a0<strong>Antoine Spindler<\/strong><\/p>\n<h6 style=\"text-align: justify; padding-left: 30px;\">Descriptif :<\/h6>\n<p style=\"text-align: justify; padding-left: 30px;\">Introduction et bases de l\u2019enregistrement et de l\u2019\u00e9lectroacoustique. Logiciels : Reaper\/Ableton Live. Culture \u00e9lectroacoustique \u2013 technique\u00a0micro, c\u00e2bles, branchements, connexion et utilisation d\u2019une carte son \u2013 enregistrement st\u00e9r\u00e9o et\u00a0multipistes \u2013 montage multipistes \u2013 mixages \u2013 notions de la cr\u00e9ation sonore \u2013 introduction aux traitements du son\u00a0(filtres, r\u00e9verb\u00e9ration, d\u00e9lai, panoramique) \u2013 r\u00e9alisation d\u2019exercices et d\u2019un projet\u00a0d&rsquo;enregistrement\/mixage.<\/p>\n<p style=\"text-align: justify; padding-left: 30px;\"><strong>Pr\u00e9requis<\/strong>\u00a0: Formation\u00a0<em>musicale<\/em>\u00a0(ou\u00a0<em>art<\/em>) niveau sup\u00e9rieur (cycle 3 sous r\u00e9serve)<\/p>\n<hr \/>\n<h5 id=\"enreg2\" style=\"text-align: justify;\">Enregistrement 2\u00a0(montage\/mixage avanc\u00e9 \u2013 mastering) \u2013\u00a0provisoire<\/h5>\n<p style=\"padding-left: 30px;\">(1\u00a0semestre)<br \/>\nNiveaux : COA \/ COP \/ Licence-DNSPM,\u00a0Master<br \/>\n2h\/semaine<br \/>\nSalle 156<br \/>\nProfs : <strong>Antoine Spindler<\/strong><\/p>\n<h6 style=\"text-align: justify; padding-left: 30px;\">Descriptif :<\/h6>\n<p style=\"text-align: justify; padding-left: 30px;\">Mixage avanc\u00e9, mastering (Cours en d\u00e9veloppement).<\/p>\n<p style=\"text-align: justify; padding-left: 30px;\"><strong>Pr\u00e9requis<\/strong>\u00a0:\u00a0Technique Studio 1<\/p>\n<hr \/>\n<h5 id=\"mixte1\">Initiation \u00e0 la musique \u00e9lectronique<\/h5>\n<p style=\"padding-left: 30px;\">(1 semestre)<br \/>\nNiveaux : COA \/ COP \/ Licence-DNSPM,\u00a0Master<br \/>\n2h\/semaine<br \/>\nSalle 156<br \/>\nProfs :\u00a0<strong>Antoine Spindler<\/strong><\/p>\n<h6 style=\"text-align: justify; padding-left: 30px;\">Descriptif\u00a0:<\/h6>\n<p style=\"text-align: justify; padding-left: 30px;\">Initiation \u00e0 la musique \u00e9lectronique, introduction aux traitements et au MIDI. Logiciels : Ableton\u00a0Live. Culture temps r\u00e9el et \u00e9lectronique, musique acousmatique \u2013 d\u00e9couverte des traitements (d\u00e9lai, harmoniseur, filtre, modulation, r\u00e9verb\u00e9ration, panoramique) \u2013 les bases du MIDI\u00a0(clavier, p\u00e9dale, synth\u00e9tiseur, sampleur) \u2013 dispositifs du jeu \u00ab live \u00bb \u00e9lectronique \u2013 r\u00e9alisation\u00a0d\u2019exercices et d\u2019un projet de pi\u00e8ce acousmatique.<\/p>\n<h6 style=\"text-align: justify; padding-left: 30px;\">Evaluation :<\/h6>\n<p style=\"text-align: justify; padding-left: 30px;\">Qualit\u00e9, musicalit\u00e9, originalit\u00e9 et maitrise technique de la r\u00e9alisation du projet, 2 \u00e9tudes acoustiques \u00e0 r\u00e9aliser, assiduit\u00e9.<\/p>\n<p style=\"padding-left: 30px;\"><strong>Pr\u00e9requis<\/strong>\u00a0: Technique Studio 1<\/p>\n<hr \/>\n<h5 id=\"mixte2\" style=\"text-align: justify;\">Musique Mixte<\/h5>\n<p style=\"padding-left: 30px;\">(1 semestre)<br \/>\nNiveaux : Licence-DNSPM,\u00a0Master, CRR cycle 3 sous r\u00e9serve<br \/>\n2h\/semaine<br \/>\nSalle 156<br \/>\nProfs :\u00a0\u00a0<strong>Tom Mays,\u00a0Antoine Spindler, Ga\u00ebtan Gromer<\/strong><\/p>\n<h6 style=\"text-align: justify; padding-left: 30px;\">Descriptif\u00a0:<\/h6>\n<p style=\"text-align: justify; padding-left: 30px;\">Introduction \u00e0 la musique Mixte pour instrumentistes et compositeurs. Logiciels : Ableton\u00a0Live, \u00e9ventuellement introduction \u00e0 Max par le patch temps r\u00e9el\u00a0\u201cCRT\u201d, aper\u00e7u d\u2019Usine, et\/ou reprise Reaper. D\u00e9couverte du r\u00e9pertoire mixte, traitements temps r\u00e9el et leurs\u00a0qualit\u00e9s musicales, et interactions. Il faut r\u00e9aliser un projet de musique mixte\u00a0temps r\u00e9el\u00a0pour la fin du semestre qui sera jou\u00e9 en audition publique.<\/p>\n<h6 style=\"text-align: justify; padding-left: 30px;\">Evaluation :<\/h6>\n<p style=\"text-align: justify; padding-left: 30px;\">Qualit\u00e9, musicalit\u00e9, originalit\u00e9 et maitrise technique de la r\u00e9alisation du projet, \u00a0participation \u00e0 l\u2019audition, assiduit\u00e9.<\/p>\n<p style=\"text-align: justify; padding-left: 30px;\"><strong>Pr\u00e9requis<\/strong>\u00a0: Technique Studio 1 et Initiation \u00e0 la musique \u00e9lectronique<\/p>\n<hr \/>\n<h5 id=\"mixteproj\" style=\"text-align: justify;\">Musique Mixte \u2013 Projet<\/h5>\n<p style=\"padding-left: 30px;\">(1 semestre, 2e\u00a0semestre en option)<br \/>\nNiveaux :\u00a0Pour les \u00e9tudiants ayant suivi Musique Mixte\u00a02, ou justifiant d\u2019un niveau \u00e9quivalent.<br \/>\nHoraires \u00e0 d\u00e9terminer<br \/>\nSalle 156 ou Studio<br \/>\nProf :\u00a0<strong>Antoine Spindler<\/strong><\/p>\n<h6 style=\"padding-left: 30px;\">Descriptif\u00a0:<\/h6>\n<p style=\"padding-left: 30px;\">Travail et approfondissement de la cr\u00e9ation et de l\u2019interpr\u00e9tation de la musique mixte temps r\u00e9el par le biais d\u2019un projet personnel. Les \u00e9tudiants doivent d\u00e9finir et r\u00e9aliser en public un projet de cr\u00e9ation\/improvisation mixte ou d\u2019interpr\u00e9tation du r\u00e9pertoire mixte d\u2019envergure par semestre, ainsi qu\u2019un\u00a0dossier\/rapport de projet. Cours bas\u00e9 sur du suivi d&rsquo;un \u00e9tudiant plut\u00f4t autonome.<\/p>\n<h6 style=\"padding-left: 30px;\">Evaluation :<\/h6>\n<p style=\"padding-left: 30px;\">Qualit\u00e9, musicalit\u00e9, originalit\u00e9 et maitrise technique de la r\u00e9alisation du projet, \u00a0participation \u00e0 l\u2019audition, assiduit\u00e9.<\/p>\n<p style=\"text-align: justify; padding-left: 30px;\"><strong>Pr\u00e9requis<\/strong>\u00a0: Technique Studio 1, Initiation \u00e0 la musique \u00e9lectronique, Musique\u00a0Mixte<\/p>\n<hr \/>\n<h5 id=\"electrojunior\">Pratique Collective Musique Electronique Junior<\/h5>\n<p style=\"padding-left: 30px;\">(1 ann\u00e9e)<br \/>\nEl\u00e8ves de fin de II cycle<br \/>\n2h\/semaine (1 cours propos\u00e9 par semaine)<br \/>\nSalle 156<br \/>\nProf :\u00a0<strong>Antoine Spindler<\/strong><\/p>\n<h6 style=\"padding-left: 30px;\">Descriptif\u00a0:<\/h6>\n<p style=\"padding-left: 30px;\">Dans un environnement de musiques amplifi\u00e9es et par la pratique collective, les \u00e9l\u00e8ves devront :<\/p>\n<p style=\"padding-left: 30px;\">acqu\u00e9rir la capacit\u00e9 d&rsquo;adapter leur jeu instrumental \u00e0 une modification de leur son (jouer avec un d\u00e9lai, une r\u00e9verb\u00e9ration, etc.), \u00eatre capables de modifier un son et qu&rsquo;ils int\u00e8grent \u00e0 un espace sonore coh\u00e9rent et \u00e9quilibr\u00e9, jouer avec les timbres, d\u00e9couvrir les modes de jeu propres \u00e0 son instrument, fabriquer collectivement un objet sonore pr\u00e9sentable en concert o\u00f9 l&rsquo;accent sera mis sur l&rsquo;\u00e9coute et la pr\u00e9cision d&rsquo;un jeu collectif, travailler sur des supports de partitions int\u00e9grant des notations contemporaines.<\/p>\n<hr \/>\n<h5 id=\"pedago\" style=\"text-align: justify;\">Outils Informatiques P\u00e9dagogiques<\/h5>\n<p style=\"padding-left: 30px;\">s\u00e9ances exceptionnelles, sur demande du dept. DE<br \/>\nEtudiants D.E<\/p>\n<h6 style=\"text-align: justify; padding-left: 30px;\">Objectifs\u00a0:<\/h6>\n<p style=\"text-align: justify; padding-left: 30px;\">Que les \u00e9tudiants pr\u00e9parant un dipl\u00f4me d&rsquo;enseignement prennent connaissance des nombreux outils qu&rsquo;offre l&rsquo;informatique musicale .<\/p>\n<h6 style=\"text-align: justify; padding-left: 30px;\">Descriptif\u00a0:<\/h6>\n<p style=\"text-align: justify; padding-left: 30px;\">D\u00e9couverte et initiation de base \u00e0 un maximum de logiciels open source ou freeware et d&rsquo;applications permettant une tr\u00e8s large utilisation pour des objectifs p\u00e9dagogiques allant de la cr\u00e9ation de partition \u00e0 la cr\u00e9ation de modules pour traiter un probl\u00e8me sp\u00e9cifique (travail du rythme, de l&rsquo;oreille, th\u00e9orique etc)<\/p>\n<h6 style=\"text-align: justify; padding-left: 30px;\">Logiciels\u00a0:<\/h6>\n<p style=\"text-align: justify; padding-left: 30px;\">Integra Live \u2013 Audacity \u2013 MuseScore \u2013 Partifi \u2013 Applications (+Reaper et Ableton si besoin) etc&#8230;<\/p>\n","protected":false},"excerpt":{"rendered":"<p>Cours de Cr\u00e9ation et Interpr\u00e9tation Electroacoustique\u00a0propos\u00e9s durant 2019-2020) (indicatif, \u00e0 titre d&rsquo;info) -&gt;\u00a0Page de Pr\u00e9sentation -&gt; Page des Admissions \u00e0 l&rsquo;Acad\u00e9mie Sup\u00e9rieure de Musique -&gt; Page d&rsquo;inscription au Conservatoire de Strasbourg Pour les \u00e9tudiants en\u00a0Cr\u00e9ation et Interpr\u00e9tation Electroacoustique\u00a0\u2013 Tom Mays composition \u00e9lectroacoustique et informatique musicale : dispositifs temps-r\u00e9el et temps diff\u00e9r\u00e9, traitements, analyses, synth\u00e8ses, algorithmes, &hellip; <a href=\"http:\/\/electro-strasbourg.eu\/blog\/cours-par-annee\/cours-2019-2020\/\" class=\"more-link\">Continuer la lecture de <span class=\"screen-reader-text\">Cours 2019-2020<\/span>  <span class=\"meta-nav\">&rarr;<\/span><\/a><\/p>\n","protected":false},"author":1,"featured_media":0,"parent":451,"menu_order":0,"comment_status":"closed","ping_status":"closed","template":"","meta":{"jetpack_post_was_ever_published":false,"footnotes":""},"class_list":["post-3556","page","type-page","status-publish","hentry"],"jetpack_shortlink":"https:\/\/wp.me\/P3WkX1-Vm","jetpack_sharing_enabled":true,"_links":{"self":[{"href":"http:\/\/electro-strasbourg.eu\/blog\/wp-json\/wp\/v2\/pages\/3556","targetHints":{"allow":["GET"]}}],"collection":[{"href":"http:\/\/electro-strasbourg.eu\/blog\/wp-json\/wp\/v2\/pages"}],"about":[{"href":"http:\/\/electro-strasbourg.eu\/blog\/wp-json\/wp\/v2\/types\/page"}],"author":[{"embeddable":true,"href":"http:\/\/electro-strasbourg.eu\/blog\/wp-json\/wp\/v2\/users\/1"}],"replies":[{"embeddable":true,"href":"http:\/\/electro-strasbourg.eu\/blog\/wp-json\/wp\/v2\/comments?post=3556"}],"version-history":[{"count":3,"href":"http:\/\/electro-strasbourg.eu\/blog\/wp-json\/wp\/v2\/pages\/3556\/revisions"}],"predecessor-version":[{"id":3890,"href":"http:\/\/electro-strasbourg.eu\/blog\/wp-json\/wp\/v2\/pages\/3556\/revisions\/3890"}],"up":[{"embeddable":true,"href":"http:\/\/electro-strasbourg.eu\/blog\/wp-json\/wp\/v2\/pages\/451"}],"wp:attachment":[{"href":"http:\/\/electro-strasbourg.eu\/blog\/wp-json\/wp\/v2\/media?parent=3556"}],"curies":[{"name":"wp","href":"https:\/\/api.w.org\/{rel}","templated":true}]}}