{"id":293,"date":"2014-03-28T07:21:57","date_gmt":"2014-03-28T06:21:57","guid":{"rendered":"http:\/\/electro-strasbourg.eu\/blog\/?page_id=293"},"modified":"2020-01-25T17:45:29","modified_gmt":"2020-01-25T16:45:29","slug":"events-2014-2015","status":"publish","type":"page","link":"http:\/\/electro-strasbourg.eu\/blog\/events\/events-2014-2015\/","title":{"rendered":"Events 2014-2015"},"content":{"rendered":"<h3>Ev\u00e9nements et projets :<br \/>\ncr\u00e9ation\u00a0et interpr\u00e9tation \u00e9lectroacoustique \/ composition mixte<\/h3>\n<h4>2014-2015<\/h4>\n<p>3 juillet 2015 : <a href=\"http:\/\/www.shadok.strasbourg.eu\" target=\"_blank\" rel=\"noopener noreferrer\">Shadok<\/a> &#8211;\u00a0<a href=\"http:\/\/www.saxopen.com\" target=\"_blank\" rel=\"noopener noreferrer\"><strong><em>Sax Open<\/em><\/strong><\/a> \u2013\u00a0concert \u00e9lectroacoustique et mixte d&rsquo;\u00e9tudiants du Conservatoire \/ Acad\u00e9mie Sup\u00e9rieure et du Master Franco-Allemand du GREAM<\/p>\n<p><span style=\"line-height: 1.5;\">22\u00a0mai 2015 :\u00a0<strong><em>R\u00e9sonances Electriques<\/em><\/strong>\u00a0\u2013\u00a0<\/span>Concert de fin d&rsquo;ann\u00e9e,\u00a0<span style=\"line-height: 1.5;\">\u00e9lectroacoustique et mixte, oeuvres d&rsquo;\u00e9tudiants et du r\u00e9pertoire,\u00a0Salle d&rsquo;orchestre.<\/span><\/p>\n<p><span style=\"line-height: 1.5;\">11 et 12\u00a0mai 2015 :\u00a0<em><strong>Auditions semestre 2<\/strong><\/em>\u00a0\u2013 Auditions de tous les \u00e9tudiants des cours de cr\u00e9ation et interpr\u00e9tation \u00e9lectroacoustique. Salle d&rsquo;orchestre.<\/span><\/p>\n<p><span style=\"line-height: 1.5;\">7 au 9\u00a0mai 2015 :\u00a0<a href=\"http:\/\/jim2015.oicrm.org\" target=\"_blank\" rel=\"noopener noreferrer\"><strong><em>Journ\u00e9es d&rsquo;Informatique Musicale 2015<\/em><\/strong><\/a>\u00a0\u00e0 Montr\u00e9al\u00a0\u2013 Participation de Tom Mays au nom de\u00a0la classe de cr\u00e9ation interpr\u00e9tation \u00e9lectroacoustique.<\/span><\/p>\n<p>21 avril 2015 : <strong>Concert\u00a0<em>Due notturni con figura<\/em> d&rsquo;Ivan Fedele<\/strong>, pour piano et dispositif \u00e9lectronique, \u00e0\u00a0la Institut de Culture Italien<\/p>\n<p>10\u00a0et\u00a011 avril\u00a02015 : <strong><em>Inauguration du <a href=\"http:\/\/www.shadok.strasbourg.eu\" target=\"_blank\" rel=\"noopener noreferrer\">Shadok<\/a><\/em><\/strong> \u2013 participation des \u00e9tudiants et des profs de Cr\u00e9ation et Interpr\u00e9tation Electroacoustique.<\/p>\n<p>26-27\u00a0mars 2015\u00a0:\u00a0<em><strong><a href=\"http:\/\/electro-strasbourg.eu\/blog\/wp-content\/uploads\/2014\/09\/2014-01-23-Yann-Orlarey.jpg\" target=\"_blank\" rel=\"noopener noreferrer\">Atelier Informatique Musicale avec Yann Orlarey<\/a><\/strong><\/em>\u00a0\u2013 \u00ab\u00a0L\u2019esprit de Faust : programmation fonctionnelle pour la synth\u00e8se et le traitement du signal audio en temps r\u00e9el\u00a0\u00bb,\u00a0salle 156<\/p>\n<p>19 f\u00e9vrier 2015 : Exposition de la HEAR,\u00a0<em><a href=\"http:\/\/ceaac.org\/non-classe\/exposition-des-etudiants-de-la-hear\" target=\"_blank\" rel=\"noopener noreferrer\"><strong>l&rsquo;Echo du lieu<\/strong><\/a><strong>\u00a0<\/strong><\/em>au CEAAC, Strasbourg.\u00a0Participation d&rsquo;\u00e9tudiants de Cr\u00e9ation Interpr\u00e9tation Electroacoustique \u00e0 une cr\u00e9ation sonore en forme d&rsquo;installation.<br \/>\nVernissage: jeudi 19 18h30.\u00a0Fin de l&rsquo;expo: dimanche 22 \u00e0 18h<\/p>\n<p>14 f\u00e9vier 2015 :\u00a0<em><strong>Portes Ouvertes du Conservatoire<\/strong><\/em>,\u00a0\u00a0ouverture de la salle 156 \u2013\u00a0cours, exp\u00e9rimentations, discussions et mini-concerts de compositions acousmatiques.<\/p>\n<p style=\"padding-left: 30px;\">Aussi, collaboration entre les\u00a0\u00e9tudiants de la classe de Cr\u00e9ation et Interpr\u00e9tation Electroacoustique avec la classe d&rsquo;Art Dramatique d&rsquo;Olivier Achard sur sa production de <strong><em>Cendrillon<\/em><\/strong> de Jo\u00ebl Pommerat.<\/p>\n<p>30 janvier 2015 : <strong>Concert Complicit\u00e9s avec<\/strong><em><strong> En Echo et Partita II\u00a0<\/strong><\/em><strong>de Philippe Manoury<\/strong>, Accroche Note<\/p>\n<p>23-24\u00a0janvier 2015 :\u00a0<a href=\"http:\/\/electro-strasbourg.eu\/blog\/wp-content\/uploads\/2014\/09\/2014-03-26-Andrea-Agostini.jpg\" target=\"_blank\" rel=\"noopener noreferrer\"><em><strong>Atelier Informatique Musicale avec\u00a0Andrea Agostini<\/strong><\/em><\/a>\u00a0\u2013 \u00ab\u00a0Composition Assist\u00e9e par Ordinateur avec la librairie Bach dans Max\u00a0\u00bb,\u00a0salle 156<\/p>\n<p>15 et 16 janvier\u00a02015 :\u00a0<a title=\"Auditions du 1er semestre\" href=\"http:\/\/electro-strasbourg.eu\/blog\/2015\/01\/auditions-du-1er-semestre\/\" target=\"_blank\" rel=\"noopener noreferrer\"><em><strong>Auditions semestre 1<\/strong><\/em>\u00a0<\/a>\u2013 Auditions des \u00e9tudiants des cours de cr\u00e9ation et interpr\u00e9tation \u00e9lectroacoustique. Salle 20.<\/p>\n<p>21-22\u00a0novembre\u00a02014 :\u00a0<em><strong><a href=\"http:\/\/electro-strasbourg.eu\/blog\/wp-content\/uploads\/2014\/09\/2014-11-21-jose-miquel-fernandez.jpg\" target=\"_blank\" rel=\"noopener noreferrer\">Atelier Informatique Musicale avec Jos\u00e9 Miguel Fernandez<\/a>\u00a0<\/strong><\/em>\u2013 \u00ab\u00a0Suivi de partition et g\u00e9n\u00e9ration d&rsquo;\u00e9v\u00e9nements musicaux avec Antescofo\u00a0\u00bb,\u00a0salle 156<\/p>\n<p><span style=\"line-height: 1.5;\">3-4 octobre 2014 : <\/span><em><strong><a style=\"line-height: 1.5;\" href=\"http:\/\/electro-strasbourg.eu\/blog\/wp-content\/uploads\/2014\/09\/2014-10-03-miller-puckette.jpg\" target=\"_blank\" rel=\"noopener noreferrer\">Atelier Informatique Musicale avec Miller Puckette<\/a><\/strong><\/em><span style=\"line-height: 1.5;\"> \u2013 \u00ab\u00a0Making Music with Pure Data\u00a0\u00bb, salle 156<\/span><\/p>\n<p>1 et 2 octobre 2014 : <em><strong><a href=\"http:\/\/electro-strasbourg.eu\/blog\/wp-content\/uploads\/2014\/09\/Programme_du_Colloque_La_musique_en_temps_reel.pdf\" target=\"_blank\" rel=\"noopener noreferrer\">Colloque &#8211; La musique en temps r\u00e9el<\/a><\/strong><\/em>, organis\u00e9 par Philippe Manoury et l&rsquo;Universit\u00e9 de Strasbourg. <a href=\"http:\/\/electro-strasbourg.eu\/blog\/wp-content\/uploads\/2014\/09\/Programme_du_Colloque_La_musique_en_temps_reel.pdf\" target=\"_blank\" rel=\"noopener noreferrer\">Programme<\/a>. <a href=\"http:\/\/electro-strasbourg.eu\/blog\/wp-content\/uploads\/2014\/09\/Programme_detaille_du_Colloque_La_musique_en_temps_reel.pdf\" target=\"_blank\" rel=\"noopener noreferrer\">Programme d\u00e9taill\u00e9<\/a>.<\/p>\n<p>30 septembre 2014 : <strong><em><a href=\"http:\/\/electro-strasbourg.eu\/blog\/wp-content\/uploads\/2014\/09\/programmejnme2014.pdf\" target=\"_blank\" rel=\"noopener noreferrer\">Journ\u00e9es Nationales de l&rsquo;Electroacoustique<\/a>,<\/em><\/strong> Ch\u00e2lon-sur-Saone \u2013 participation de deux \u00e9tudiants de Cr\u00e9ation et Interpr\u00e9tation\u00a0Electroacoustique avec leurs oeuvres.<\/p>\n<p>27\u00a0septembre 2014 :\u00a0<a href=\"http:\/\/www.festivalmusica.org\/edition\/2014\/manifestation\/1512\" target=\"_blank\" rel=\"noopener noreferrer\"><strong><em>Concert Jeunes Compositeurs &#8211; MUSICA<\/em><\/strong><\/a>\u00a0\u2013 trois oeuvres d&rsquo;\u00e9tudiants en composition pour ensemble, dont 2 avec \u00e9lectronique\u00a0,\u00a0Salle de la Bourse<\/p>\n","protected":false},"excerpt":{"rendered":"<p>Ev\u00e9nements et projets : cr\u00e9ation\u00a0et interpr\u00e9tation \u00e9lectroacoustique \/ composition mixte 2014-2015 3 juillet 2015 : Shadok &#8211;\u00a0Sax Open \u2013\u00a0concert \u00e9lectroacoustique et mixte d&rsquo;\u00e9tudiants du Conservatoire \/ Acad\u00e9mie Sup\u00e9rieure et du Master Franco-Allemand du GREAM 22\u00a0mai 2015 :\u00a0R\u00e9sonances Electriques\u00a0\u2013\u00a0Concert de fin d&rsquo;ann\u00e9e,\u00a0\u00e9lectroacoustique et mixte, oeuvres d&rsquo;\u00e9tudiants et du r\u00e9pertoire,\u00a0Salle d&rsquo;orchestre. 11 et 12\u00a0mai 2015 :\u00a0Auditions semestre &hellip; <a href=\"http:\/\/electro-strasbourg.eu\/blog\/events\/events-2014-2015\/\" class=\"more-link\">Continuer la lecture de <span class=\"screen-reader-text\">Events 2014-2015<\/span>  <span class=\"meta-nav\">&rarr;<\/span><\/a><\/p>\n","protected":false},"author":1,"featured_media":0,"parent":283,"menu_order":0,"comment_status":"closed","ping_status":"closed","template":"","meta":{"jetpack_post_was_ever_published":false,"footnotes":""},"class_list":["post-293","page","type-page","status-publish","hentry"],"jetpack_shortlink":"https:\/\/wp.me\/P3WkX1-4J","jetpack_sharing_enabled":true,"_links":{"self":[{"href":"http:\/\/electro-strasbourg.eu\/blog\/wp-json\/wp\/v2\/pages\/293","targetHints":{"allow":["GET"]}}],"collection":[{"href":"http:\/\/electro-strasbourg.eu\/blog\/wp-json\/wp\/v2\/pages"}],"about":[{"href":"http:\/\/electro-strasbourg.eu\/blog\/wp-json\/wp\/v2\/types\/page"}],"author":[{"embeddable":true,"href":"http:\/\/electro-strasbourg.eu\/blog\/wp-json\/wp\/v2\/users\/1"}],"replies":[{"embeddable":true,"href":"http:\/\/electro-strasbourg.eu\/blog\/wp-json\/wp\/v2\/comments?post=293"}],"version-history":[{"count":21,"href":"http:\/\/electro-strasbourg.eu\/blog\/wp-json\/wp\/v2\/pages\/293\/revisions"}],"predecessor-version":[{"id":3546,"href":"http:\/\/electro-strasbourg.eu\/blog\/wp-json\/wp\/v2\/pages\/293\/revisions\/3546"}],"up":[{"embeddable":true,"href":"http:\/\/electro-strasbourg.eu\/blog\/wp-json\/wp\/v2\/pages\/283"}],"wp:attachment":[{"href":"http:\/\/electro-strasbourg.eu\/blog\/wp-json\/wp\/v2\/media?parent=293"}],"curies":[{"name":"wp","href":"https:\/\/api.w.org\/{rel}","templated":true}]}}