{"id":283,"date":"2014-03-28T00:53:52","date_gmt":"2014-03-27T23:53:52","guid":{"rendered":"http:\/\/electro-strasbourg.eu\/blog\/?page_id=283"},"modified":"2022-01-24T19:32:31","modified_gmt":"2022-01-24T18:32:31","slug":"events","status":"publish","type":"page","link":"http:\/\/electro-strasbourg.eu\/blog\/events\/","title":{"rendered":"Events"},"content":{"rendered":"<h3>Quelques \u00e9v\u00e9nements et projets \u2013 cr\u00e9ation \u00e9lectroacoustique et composition mixte<\/h3>\n<ul>\n<li><a href=\"http:\/\/electro-strasbourg.eu\/blog\/events\/events-2021-2022\/\">2021-2022<\/a><\/li>\n<li><a href=\"http:\/\/electro-strasbourg.eu\/blog\/events\/events-2020-2021\/\">2020-2021<\/a> (pas \u00e0 jour)<\/li>\n<li><a href=\"http:\/\/electro-strasbourg.eu\/blog\/events\/events-2019-2020\/\">2019-2020<\/a> (pas \u00e0 jour)<\/li>\n<li><a href=\"http:\/\/electro-strasbourg.eu\/blog\/events\/events-2018-2019\/\">2018-2019<\/a><\/li>\n<li><a title=\"Activit\u00e9s 2014-2015\" href=\"http:\/\/electro-strasbourg.eu\/blog\/events\/events-2017-2018\/\">2017-2018<\/a><\/li>\n<li><a title=\"Activit\u00e9s 2014-2015\" href=\"http:\/\/electro-strasbourg.eu\/blog\/events\/events-2016-2017\/\">2016-2017<\/a><\/li>\n<li><a title=\"Activit\u00e9s 2014-2015\" href=\"http:\/\/electro-strasbourg.eu\/blog\/events\/events-2015-2016\/\">2015-2016<\/a><\/li>\n<li><a title=\"Activit\u00e9s 2014-2015\" href=\"http:\/\/electro-strasbourg.eu\/blog\/events\/events-2014-2015\/\">2014-2015<\/a><\/li>\n<li><a title=\"Activit\u00e9s 2013-2014\" href=\"http:\/\/electro-strasbourg.eu\/blog\/events\/events-2013-2014\/\">2013-2014<\/a><\/li>\n<\/ul>\n\n\n<p><\/p>\n","protected":false},"excerpt":{"rendered":"<p>Quelques \u00e9v\u00e9nements et projets \u2013 cr\u00e9ation \u00e9lectroacoustique et composition mixte 2021-2022 2020-2021 (pas \u00e0 jour) 2019-2020 (pas \u00e0 jour) 2018-2019 2017-2018 2016-2017 2015-2016 2014-2015 2013-2014<\/p>\n","protected":false},"author":1,"featured_media":0,"parent":0,"menu_order":0,"comment_status":"closed","ping_status":"closed","template":"","meta":{"jetpack_post_was_ever_published":false,"footnotes":""},"class_list":["post-283","page","type-page","status-publish","hentry"],"jetpack_shortlink":"https:\/\/wp.me\/P3WkX1-4z","jetpack_sharing_enabled":true,"_links":{"self":[{"href":"http:\/\/electro-strasbourg.eu\/blog\/wp-json\/wp\/v2\/pages\/283","targetHints":{"allow":["GET"]}}],"collection":[{"href":"http:\/\/electro-strasbourg.eu\/blog\/wp-json\/wp\/v2\/pages"}],"about":[{"href":"http:\/\/electro-strasbourg.eu\/blog\/wp-json\/wp\/v2\/types\/page"}],"author":[{"embeddable":true,"href":"http:\/\/electro-strasbourg.eu\/blog\/wp-json\/wp\/v2\/users\/1"}],"replies":[{"embeddable":true,"href":"http:\/\/electro-strasbourg.eu\/blog\/wp-json\/wp\/v2\/comments?post=283"}],"version-history":[{"count":15,"href":"http:\/\/electro-strasbourg.eu\/blog\/wp-json\/wp\/v2\/pages\/283\/revisions"}],"predecessor-version":[{"id":4426,"href":"http:\/\/electro-strasbourg.eu\/blog\/wp-json\/wp\/v2\/pages\/283\/revisions\/4426"}],"wp:attachment":[{"href":"http:\/\/electro-strasbourg.eu\/blog\/wp-json\/wp\/v2\/media?parent=283"}],"curies":[{"name":"wp","href":"https:\/\/api.w.org\/{rel}","templated":true}]}}