{"id":1185,"date":"2016-01-31T19:03:04","date_gmt":"2016-01-31T18:03:04","guid":{"rendered":"http:\/\/electro-strasbourg.eu\/blog\/?page_id=1185"},"modified":"2016-01-31T19:03:04","modified_gmt":"2016-01-31T18:03:04","slug":"top-10-de-jean-marc-duchenne","status":"publish","type":"page","link":"http:\/\/electro-strasbourg.eu\/blog\/ressources\/outils\/top-10-de-jean-marc-duchenne\/","title":{"rendered":"Top 10 de Jean-Marc Duchenne"},"content":{"rendered":"<p>Post\u00e9 sur internet par Jean-Marc Duchenne le 2 janvier 2016.<\/p>\n<hr \/>\n<p>Avec la nouvelle ann\u00e9e fleurissent les \u00ab\u00a0Top Tens\u00a0\u00bb !<br \/>\nAlors voici le mien rassemblant ce que je consid\u00e8re comme les logiciels les plus int\u00e9ressants pour la cr\u00e9ation multiphonique (\u00e9videmment compl\u00e8tement subjectif et partial, mais en esp\u00e9rant que \u00e7a pourra faire d\u00e9couvrir des p\u00e9pites peu connues) :<\/p>\n<p>1. Reaper, forc\u00e9ment, qui pour 55 euros est le multipiste de loin le plus complet et le plus souple qui existe, et avant de se retrouver \u00e0 l&rsquo;\u00e9troit avec ses 64 canaux, m\u00eame moi suis tranquille pour un bout de temps !\u00a0<a href=\"http:\/\/l.facebook.com\/l.php?u=http%3A%2F%2Fwww.reaper.fm%2Fdownload.php&amp;h=vAQGVgFqkAQHDA4h8XfzLSYQj8GtnjYFrAc_Ve2kWDv7cWA&amp;enc=AZMoRcBGajDXgm9MMJsl4IoXJIDb886Mh6_ofXtt8JB7lcGKD4toDL7ZoM8Hw9-Gc3LzgsxFFlsrrv7Syprw7TudHrFfyEdCpj8lG2rwSpVyBnaMlcOpbbrOgwqsB_up9GB5_3PlXDZ0KLuDUXIlXn1RX7N_rDuPzKtrY7RM08A7AXU2-tIcI75Df2u-a1qkCSzCm4XHpTm6cdwD_PMNm-1n&amp;s=1\" target=\"_blank\" rel=\"nofollow\">http:\/\/www.reaper.fm\/download.php<\/a><\/p>\n<p>2. les AcousModules, forc\u00e9ment aussi puisqu&rsquo;ils constituent le coeur de mon environnement de cr\u00e9ation, instruments, traitements et \u00ab\u00a0panners\u00a0\u00bb (et pour ceux qui sont sur Mac \u00e7a serait trop b\u00eate de ne pas en profiter, alors Bootcamp est votre ami\u00a0<i class=\"_4-k1 img sp_ZrsPFjUrAQL sx_4b74bd\"><u>wink emoticon<\/u><\/i>\u00a0)\u00a0<a href=\"http:\/\/sonsdanslair.free.fr\/acousmodules.htm\" target=\"_blank\" rel=\"nofollow\">http:\/\/sonsdanslair.free.fr\/acousmodules.htm<\/a><\/p>\n<p>3. Usine Hollyhock, qui constitue un outil de cr\u00e9ation multiphonique prodigieux jusqu&rsquo;\u00e0 64 canaux, avec le support du multitouch et de nombreux contr\u00f4leurs. Il m\u00e9riterait d&rsquo;\u00eatre bien plus connu, notamment de la part de ceux qui s&rsquo;\u00e9vertuent \u00e0 utiliser Live pour \u00e7a&#8230;\u00a0<a href=\"http:\/\/l.facebook.com\/l.php?u=http%3A%2F%2Fwww.sensomusic.org%2F&amp;h=qAQHB6_zkAQGmYzHUQwg_9KxTb7tmYaKAzi96VHGbT2r0Vw&amp;enc=AZNwWJNQW76b5op8cSv9W-s7ILvkSxlkYiX4L7OBXLuqqCFyK0NhJoqEeHfjEQsTbqKbVR2Xs7hksfaoq51dEX7evgKBggckwxg4AtzaquP72j_87LDfRoS4CCDbCFsFa6rm6lPwi4wo6Pk_UV6her6S5zZiiWjtIs45u-Sxr2_QkRGueLz3axyOOzkrSNME8Na1bBlCGRtP0UmH3QTYcPNR&amp;s=1\" target=\"_blank\" rel=\"nofollow\">http:\/\/www.sensomusic.org\/<\/a><\/p>\n<p>4. la r\u00e9verb\u00e9ration Reflect de Virsyn, d&rsquo;abord parce qu&rsquo;elle g\u00e8re jusqu&rsquo;\u00e0 12 canaux, et puis parce qu&rsquo;elle est de qualit\u00e9, ne prend pas trop de ressources et est abordable\u00a0<a href=\"http:\/\/www.virsyn.de\/en\/E_Products\/E_REFLECT\/e_reflect.html\" target=\"_blank\" rel=\"nofollow\">http:\/\/www.virsyn.de\/en\/E_Products\/E_REFLECT\/e_reflect.html<\/a><\/p>\n<p>5. Hourglass de Xenakios, merveilleux outil de traitement granulaire, dont la version 1.5 multicanale devrait bien finir par sortir !\u00a0<a href=\"https:\/\/www.facebook.com\/l.php?u=https%3A%2F%2Fxenakios.wordpress.com%2F&amp;h=VAQFIm6NuAQGbw5eiMx7rAmFmk7LdyJ8AdBWyR2WTgE0mnQ&amp;enc=AZOZ_BxlXZbr6Dws64bwtv7jTrbws9KTs51NI4vzpEpy1NaIV-YxRB8t4llL7N4knaZUe70VgSZKjRFdbnaWf18m_RSBXnH-zVj2z8NTpOTL4lWZypPb-0IY1ZbtdpwOtE-CX3ZdGKSJslRpDn9fkzaMZs-Z5P4FBc2ml-p_nwVcxHOl0oJfmZAVuPNJyg7dcbViY0uEjh6FALeT1cvvJM73&amp;s=1\" target=\"_blank\" rel=\"nofollow\">https:\/\/xenakios.wordpress.com\/<\/a><\/p>\n<p>6. les plugins Mcfx de Matthias Kronlachner qui fonctionnent jusqu&rsquo;\u00e0 64 canaux, notamment les indispensables filtres\u00a0<a href=\"http:\/\/www.matthiaskronlachner.com\/?p=1910\" target=\"_blank\" rel=\"nofollow\">http:\/\/www.matthiaskronlachner.com\/?p=1910<\/a><\/p>\n<p>7. Soundgrain et OctoGris, tous deux d\u00e9velopp\u00e9s sous l&rsquo;impulsion de Robert Normandeau \u00e0 Montr\u00e9al, le premier constituant une approche tr\u00e8s originale au traitement granulaire (en multicanal bien-s\u00fbr), le second apportant sous OS X un panner 2D puissant \u00e0 Reaper\u00a0<a href=\"https:\/\/www.facebook.com\/l.php?u=https%3A%2F%2Fgithub.com%2Fbelangeo%2Fsoundgrain&amp;h=lAQGmoPwkAQHoykPHy4vybrgrj143CV8O0f0sfENdMhd0AA&amp;enc=AZNAkVvSN3nfEiQFdsKp6_rLZv534Y_d8dVW92VBqg3iNkVDee7G-vFHzY5hKbL_PLYWJ5Fz4w6CwjrVY-p88j5tArTwTcYfb446YqXTl2xbgpsT0lOGMjZLtVl8f8XNHVeqACJ14D3_bYVbs2CprmBG6t-nTqHS2GPGjCnEBzmo5MYjg2hb_wUBP1mB-l4Z1PtGSA3spU78xugaYAZc8Iyj&amp;s=1\" target=\"_blank\" rel=\"nofollow\">https:\/\/github.com\/belangeo\/soundgrain<\/a><br \/>\n<a href=\"https:\/\/www.facebook.com\/l.php?u=https%3A%2F%2Fgroups.google.com%2Fforum%2F%23%21topic%2Fcec-conference%2Ftbxum6SfrZQ&amp;h=qAQHB6_zkAQEqEOzRVojcfZMGMBm9nvpUeO9Ta7FeiXKmYw&amp;enc=AZNS5SGzHh97PnBJas0StUZgpIxcMRJioTlJLWr-bRsqzz2QHpROP7SNamD1J7VXJYvH9u9wh07vFHXavAox7RKX31IrVMDcMhj0xM5df5JOsWDslxG4FJTLrZ1iN-OEzHMNsEzqi3eKltWtRMQwEPPdTS6syBbfsjmYadQp3sOC8lEJLwNBVi7mrG1TR3XTc6hnJIgHGaeCPMzcUV0N367Y&amp;s=1\" target=\"_blank\" rel=\"nofollow\">https:\/\/groups.google.com\/forum\/\u2026<\/a><\/p>\n<p>8. les nouveaux GRM-Tools SpaceGrain et SpaceFilter\u00a0<a href=\"http:\/\/www.inagrm.com\/accueil\/outils\/grm-tools\/spaces\" target=\"_blank\" rel=\"nofollow\">http:\/\/www.inagrm.com\/accueil\/outils\/grm-tools\/spaces<\/a><\/p>\n<p>9. la s\u00e9rie de plugins de Voxengo qui fonctionnent jusqu&rsquo;\u00e0 8 canaux, particuli\u00e8rement Pristine Space pour la convolution en 8 canaux\u00a0<a href=\"http:\/\/l.facebook.com\/l.php?u=http%3A%2F%2Fwww.voxengo.com%2Fproduct%2Fpspace%2F&amp;h=QAQHviAW_AQGbVwx6uskfvkYA92wZ_FzP7TvK24gEYBMtvw&amp;enc=AZOT2I7zX-bo6yGQax-hAHblBqsbAyj-5WRaQnmRZx2BeSdAe6_ACQ08IYrSJJXRQ4OuoS7D3E2eFqufsOugQ3QAmtnOKLrNjKwidyDucv405u4rW04FKgiujhjnHd7kNF3Dkenf2_QyLHIdpFAUT58aM0kCgphoBDpFn7XoK1SH5iihdmwgMv3tjdVDxFC9MjA12s9fIR2hiLp2TxManFDT&amp;s=1\" target=\"_blank\" rel=\"nofollow\">http:\/\/www.voxengo.com\/product\/pspace\/<\/a><\/p>\n<p>10. Xotopad qui transforme toute tablette ou \u00e9cran multitouch sous Windows en une surface de contr\u00f4le tr\u00e8s efficace et simple \u00e0 utiliser\u00a0<a href=\"http:\/\/l.facebook.com\/l.php?u=http%3A%2F%2Ffeelyoursound.com%2Fxotopad%2F&amp;h=fAQFcAj7HAQGuZiNko4sslkyzm_VVzSA2Lj2imT7SxliMUA&amp;enc=AZNM41ItQxslXGNpV6ACoyajsLHvKqJWC9xx1K2Qp7dwyKe_v5NjlToizSNhKxky9llo_KniHyZA_s6x3bak54xx3x4gKWh349RvhB1_H93EM5HboEE6_EH5IofPmNjO75JBlvmAUEis11IkNbLV2tn8I1R8OaTLBwezbMh8OCIDX7IULFshgWdRfiWjvtLI_Tdcu9e1S_MdXfCOIYHiaPJj&amp;s=1\" target=\"_blank\" rel=\"nofollow\">http:\/\/feelyoursound.com\/xotopad\/<\/a><\/p>\n<p>Mentions :<br \/>\n&#8211; Pyramix 10 MassCore Pro, qui, m\u00eame inaccessible financi\u00e8rement et pas forc\u00e9ment le mieux adapt\u00e9 pour la composition, dispose d&rsquo;un \u00ab\u00a0panner\u00a0\u00bb multicanal prodigieux, qui je l&rsquo;esp\u00e8re, sera un mod\u00e8le pour tous&#8230;<br \/>\n&#8211; pour le traitement ambisonic : les plugins Ambix en ordre 5 de Matthias Kronlachner (malgr\u00e9 des presets difficiles \u00e0 interpr\u00e9ter) et la s\u00e9rie ATK pour Reaper de Trond Lossius, tr\u00e8s bien r\u00e9alis\u00e9s (dommage qu&rsquo;ils soient uniquement en 1er ordre)\u00a0<a href=\"http:\/\/l.facebook.com\/l.php?u=http%3A%2F%2Fwww.matthiaskronlachner.com%2F%3Fp%3D2015&amp;h=ZAQGVIcWMAQFBg4h-LVl3BnI1MlgoPhKLjx9OUBRF05F3jQ&amp;enc=AZMLr8YKnTIOiSGS1ZNXOk0Vkkpbf2NW06ppRn-v8e0DQ8xL49pwUgxMO6qHIG6aD7fgWaq9VJS0P1Pv_5m6D9axUu6UFialCCn0BVV4QfyWRZYCmKNNS4Sft6cYwFmfIZVuTJJEkoZx1tKwoQ9HBCobp70DA7vka-F1tW2lbz9cfzYtlj6FKGaLhOXYRGWLfwvF7p126uF6lOqrEpwvn0Rq&amp;s=1\" target=\"_blank\" rel=\"nofollow\">http:\/\/www.matthiaskronlachner.com\/?p=2015<\/a><\/p>\n<p>Bon t\u00e9l\u00e9chargement et bonne cr\u00e9ation pour 2016 !<\/p>\n","protected":false},"excerpt":{"rendered":"<p>Post\u00e9 sur internet par Jean-Marc Duchenne le 2 janvier 2016. Avec la nouvelle ann\u00e9e fleurissent les \u00ab\u00a0Top Tens\u00a0\u00bb ! Alors voici le mien rassemblant ce que je consid\u00e8re comme les logiciels les plus int\u00e9ressants pour la cr\u00e9ation multiphonique (\u00e9videmment compl\u00e8tement subjectif et partial, mais en esp\u00e9rant que \u00e7a pourra faire d\u00e9couvrir des p\u00e9pites peu connues) &hellip; <a href=\"http:\/\/electro-strasbourg.eu\/blog\/ressources\/outils\/top-10-de-jean-marc-duchenne\/\" class=\"more-link\">Continuer la lecture de <span class=\"screen-reader-text\">Top 10 de Jean-Marc Duchenne<\/span>  <span class=\"meta-nav\">&rarr;<\/span><\/a><\/p>\n","protected":false},"author":1,"featured_media":0,"parent":1175,"menu_order":0,"comment_status":"closed","ping_status":"closed","template":"","meta":{"jetpack_post_was_ever_published":false,"footnotes":""},"class_list":["post-1185","page","type-page","status-publish","hentry"],"jetpack_shortlink":"https:\/\/wp.me\/P3WkX1-j7","jetpack_sharing_enabled":true,"_links":{"self":[{"href":"http:\/\/electro-strasbourg.eu\/blog\/wp-json\/wp\/v2\/pages\/1185","targetHints":{"allow":["GET"]}}],"collection":[{"href":"http:\/\/electro-strasbourg.eu\/blog\/wp-json\/wp\/v2\/pages"}],"about":[{"href":"http:\/\/electro-strasbourg.eu\/blog\/wp-json\/wp\/v2\/types\/page"}],"author":[{"embeddable":true,"href":"http:\/\/electro-strasbourg.eu\/blog\/wp-json\/wp\/v2\/users\/1"}],"replies":[{"embeddable":true,"href":"http:\/\/electro-strasbourg.eu\/blog\/wp-json\/wp\/v2\/comments?post=1185"}],"version-history":[{"count":1,"href":"http:\/\/electro-strasbourg.eu\/blog\/wp-json\/wp\/v2\/pages\/1185\/revisions"}],"predecessor-version":[{"id":1186,"href":"http:\/\/electro-strasbourg.eu\/blog\/wp-json\/wp\/v2\/pages\/1185\/revisions\/1186"}],"up":[{"embeddable":true,"href":"http:\/\/electro-strasbourg.eu\/blog\/wp-json\/wp\/v2\/pages\/1175"}],"wp:attachment":[{"href":"http:\/\/electro-strasbourg.eu\/blog\/wp-json\/wp\/v2\/media?parent=1185"}],"curies":[{"name":"wp","href":"https:\/\/api.w.org\/{rel}","templated":true}]}}