{"id":1172,"date":"2016-01-31T17:10:29","date_gmt":"2016-01-31T16:10:29","guid":{"rendered":"http:\/\/electro-strasbourg.eu\/blog\/?page_id=1172"},"modified":"2016-01-31T17:19:53","modified_gmt":"2016-01-31T16:19:53","slug":"outils-low-cost-pour-la-musique-electroacoustique","status":"publish","type":"page","link":"http:\/\/electro-strasbourg.eu\/blog\/ressources\/outils\/outils-low-cost-pour-la-musique-electroacoustique\/","title":{"rendered":"Outils low cost pour la musique \u00e9lectroacoustique"},"content":{"rendered":"<p>Merci \u00e0 <a href=\"http:\/\/www.cirm-manca.org\/fiche-artiste.php?ar=142\" target=\"_blank\">Ga\u00ebl Navard<\/a> (compositeur et professeur d&rsquo;informatique musicale et de\u00a0composition \u00e9lectroacoustique au Conservatoire et \u00e0 l&rsquo;Universit\u00e9 de Nice) pour cette\u00a0belle\u00a0liste d&rsquo;outils \u00ab\u00a0low cost\u00a0\u00bb qu&rsquo;il a partag\u00e9 avec\u00a0l&rsquo;Association des Enseignants de la Composition en\u00a0Musique\u00a0\u00a0Electroacoustique (<a href=\"http:\/\/www.aecme.fr\" target=\"_blank\">AECME<\/a>).<\/p>\n<hr \/>\n<div>\n<div>\n<div>(29 janvier 2016)<\/div>\n<div><\/div>\n<div>\n<p>Bonjour \u00e0 tous,<\/p>\n<\/div>\n<p>Je partage avec vous une liste d&rsquo;outils tr\u00e8s peu co\u00fbteux que j&rsquo;utilise dans mes cours et que les \u00e9tudiants avec peu de moyens peuvent facilement avoir chez eux. Il ne s&rsquo;agit pas d&rsquo;une liste exhaustive, mais plus d&rsquo;une s\u00e9lection d&rsquo;outils que j&rsquo;ai test\u00e9 et que je trouve fonctionner correctement. Bien s\u00fbr, j&rsquo;utilise aussi des logiciels payants et chers, mais ce n&rsquo;est pas ici le propos. Et, \u00e9videmment, il ne s&rsquo;agit pas de dire \u00e0 l&rsquo;\u00e9tudiant de t\u00e9l\u00e9charger tout \u00e7a d&rsquo;un coup pour se noyer dans ces multiples possibilit\u00e9s \ud83d\ude09<\/p>\n<\/div>\n<div><\/div>\n<p>En esp\u00e9rant que cela puisse vous \u00eatre utile, je vous souhaite une excellente ann\u00e9e cr\u00e9ative,<\/p>\n<\/div>\n<p>Ga\u00ebl<\/p>\n<p>&#8212;<\/p>\n<div>\n<div>\n<p><u><b>Outils gratuits ou tr\u00e8s peu chers pour la musique \u00e9lectroacoustique :<\/b><\/u><\/p>\n<p><b>Prise de son :<\/b><br \/>\n&#8211; Le moins cher (si on l&rsquo;a d\u00e9j\u00e0) : le smartphone (iOS ou ANDROID)<br \/>\n#\u00a0<i>Rode Rec LE<\/i>\u00a0(iOS)\u00a0<a href=\"http:\/\/fr.rode.com\/software\/roderecle\">http:\/\/fr.rode.com\/software\/roderecle<\/a><br \/>\n#\u00a0<i>Pocket WavePad<\/i>\u00a0(iOS, ANDROID)\u00a0<a href=\"http:\/\/www.nch.com.au\/wavepad\/fr\/pocket.html\">http:\/\/www.nch.com.au\/wavepad\/fr\/pocket.html<\/a><br \/>\n#\u00a0<i>Hokusai Audio Editor<\/i>\u00a0(iOS) :\u00a0<a href=\"http:\/\/www.wooji-juice.com\/products\/hokusai\/\">http:\/\/www.wooji-juice.com\/products\/hokusai\/<\/a><br \/>\nSuffisant pour s&rsquo;entrainer, mais c&rsquo;est tout. Je m&rsquo;en sers notamment pour des cours \u00e0 l&rsquo;universit\u00e9 o\u00f9 il n&rsquo;y a pas de mat\u00e9riel et beaucoup d&rsquo;\u00e9tudiants en salle informatique.<br \/>\nOn peut aussi y adjoindre un petit pr\u00e9ampli (<a href=\"http:\/\/www.ikmultimedia.com\/products\/irigpre\/\">http:\/\/www.ikmultimedia.com\/products\/irigpre\/<\/a>) mais il faudra acheter un micro et on ne peut faire que du mono. Il existe aussi des micros st\u00e9r\u00e9o d\u00e9di\u00e9s mais qui sont assez cher. Si l&rsquo;on rajoute que la capacit\u00e9 de stockage des t\u00e9l\u00e9phones est tr\u00e8s faible, autant se tourner directement vers une solution tout en un :<\/p>\n<p>&#8211; Le plus efficace \u00e0 bas co\u00fbt (st\u00e9r\u00e9o) :<br \/>\n#\u00a0<i>Zoom H1<\/i>\u00a0:\u00a0<a href=\"https:\/\/zoom-na.com\/products\/field-video-recording\/field-recording\/zoom-h1-handy-recorder\">https:\/\/zoom-na.com\/products\/field-video-recording\/field-recording\/zoom-h1-handy-recorder<\/a><br \/>\n&#8211; Il faut aussi penser \u00e0 un petit pied (supporte mal les bruits de manipulation) et une bonnette pour le vent.<\/p>\n<\/div>\n<div># Possibilit\u00e9 d\u2019y adjoindre dans l\u2019entr\u00e9e mini-jack st\u00e9r\u00e9o PIP des paires de microphones peu cher du type\u00a0 :<br \/>\n&#8211; \u00c9lectret\u00a0<i>Primo EM-172<\/i>\u00a0:\u00a0<a href=\"http:\/\/micbooster.com\/primo-microphone-capsules\/12-stereo-microphone-kit-of-parts-with-primo-em-172-z1-capsules.html\">http:\/\/micbooster.com\/primo-microphone-capsules\/12-stereo-microphone-kit-of-parts-with-primo-em-172-z1-capsules.html<\/a><br \/>\n&#8211; Hydrophones, contacts et \u00e9lectromagn\u00e9tiques :\u00a0<a href=\"http:\/\/hydrophones.blogspot.fr\/\">http:\/\/hydrophones.blogspot.fr\/<\/a><br \/>\n&#8211; Les hydrophones et les micros contacts sont tous les deux des transducteurs pi\u00e9zo\u00e9lectriques qui peuvent se bricoler pour une bouch\u00e9e de pain. Pour \u00e9tanch\u00e9ifier un piezo, on utilise souvent plusieurs couches de peinture de voiture type PlastiDip (ou \u00e9ventuellement une capote mais c\u2019est moins classe).<br \/>\n&#8211; Les microphones \u00e9lectromagn\u00e9tiques sont juste des bobines qui peuvent aussi se bricoler pour rien du tout. Leur adjoindre un petit aimant permet de les transformer en microphones sensibles au m\u00e9tal (type micros de guitare).<br \/>\n&#8211; Des pinces \u00e0 linge, de l&rsquo;adh\u00e9sif et de la patafix sont des compl\u00e9ments int\u00e9ressants pour fixer les micros.<br \/>\n&#8211; Des ballons de baudruche et une aiguille permettrons de r\u00e9aliser des r\u00e9ponses impulsionnelles.<\/div>\n<div># Si on a un peu plus de budget, un Zoom H4 ou H5 permettra d&rsquo;enregistrer en 4 pistes et d&rsquo;utiliser des microphones en XLR (par exemple les micros The t-bone ou Superlux pour rester dans le low cost).<\/div>\n<div><b>Prise de vue :<\/b><\/div>\n<div># Le smartphone (application vid\u00e9o int\u00e9gr\u00e9e)<\/div>\n<div># La cam\u00e9ra sport\u00a0<i>Xiaomi Yi<\/i>\u00a0(type GoPro) :\u00a0<a href=\"http:\/\/www.banggood.com\/fr\/Original-XiaoYi-Ambarella-A7LS-BSI-CMOS-WIFI-Sports-Action-Camera-p-969228.html?currency=EUR&amp;createTmp=1&amp;utm_source=google&amp;utm_medium=shopping&amp;utm_content=kevin&amp;utm_campaign=Auto-fr-chenqing&amp;gclid=CP_axvXUlcoCFSsEwwodRcABDg\">http:\/\/www.banggood.com\/fr\/Original-XiaoYi-Ambarella-A7LS-BSI-CMOS-WIFI-Sports-Action-Camera-p-969228.html?currency=EUR&amp;createTmp=1&amp;utm_source=google&amp;utm_medium=shopping&amp;utm_content=kevin&amp;utm_campaign=Auto-fr-chenqing&amp;gclid=CP_axvXUlcoCFSsEwwodRcABDg<\/a><br \/>\nPetit, l\u00e9ger, pas cher, \u00e9tanche (avec son \u00e9tui). Id\u00e9al pour garder une trace d&rsquo;un concert o\u00f9 faire des vid\u00e9os exp\u00e9rimentales \u00e0 monter ensuite dans Reaper.<b>Ordinateur :<\/b><br \/>\n# Pour commencer, n\u2019importe quel PC fera l\u2019affaire, sous Windows ou sous Linux (par exemple Ubuntu Studio ou Linux Mint).<br \/>\n# Pour les bricoleurs, le\u00a0<i>Hackintosh<\/i>\u00a0est aussi une solution int\u00e9ressante (j&rsquo;en ai 2, une tour et un portable, et \u00e7a marche plut\u00f4t bien&#8230; mais c&rsquo;est gal\u00e8re \u00e0 mettre en place) :\u00a0<a href=\"http:\/\/www.tonymacx86.com\/building-customac-buyers-guide-december-2015.html\">http:\/\/www.tonymacx86.com\/building-customac-buyers-guide-december-2015.html<\/a><\/div>\n<div># Pour un budget un peu plus \u00e9lev\u00e9, un mac mini ou un macbook air.<\/div>\n<div><b>Station de travail audionum\u00e9rique :<\/b><br \/>\n#\u00a0<i>Reaper<\/i>\u00a0(audio\/midi\/OSC\/Vid\u00e9o &#8211; OSX, WIN, LINUX via WINE) :\u00a0<a href=\"http:\/\/www.reaper.fm\/\">http:\/\/www.reaper.fm\/<\/a><br \/>\nL\u2019un des grands avantage de Reaper est qu\u2019il tourne sans probl\u00e8me sur des vielles machines (je l&rsquo;utilise encore sur des G4 \u00e0 la fac) o\u00f9 des machines peu puissantes. Pas la peine d\u2019investir dans le dernier Mac Pro pour commencer.<\/div>\n<div>&#8211; Payant (tr\u00e8s peu cher) sur la base du volontariat.<\/div>\n<div>&#8211; Extensions SWS \u00e0 rajouter :\u00a0<a href=\"http:\/\/www.sws-extension.org\/\">http:\/\/www.sws-extension.org\/<\/a><\/div>\n<div>&#8211; Exemple de scripts int\u00e9ressants \u00e0 rajouter (parmi des centaines d&rsquo;autres) :\u00a0<a href=\"http:\/\/www.extremraym.com\/en\/my-reaper-scripts\/\">http:\/\/www.extremraym.com\/en\/my-reaper-scripts\/<\/a><\/div>\n<div>&#8211; Exemple d&rsquo;effets JSFX int\u00e9ressants \u00e0 rajouter (parmi des centaines d&rsquo;autres) :\u00a0<a href=\"https:\/\/sites.google.com\/site\/ccernnaudio\/js-plugins\">https:\/\/sites.google.com\/site\/ccernnaudio\/js-plugins<\/a><\/div>\n<div>#\u00a0<i>Audacity<\/i>\u00a0(audio &#8211; OSX, WIN, LINUX) peut aussi \u00eatre utile dans un contexte p\u00e9dagogique en \u00e9cole ou comme \u00e9diteur externe en compl\u00e9ment de Reaper (notamment pour ses capacit\u00e9s d\u2019analyse) :\u00a0<a href=\"http:\/\/audacityteam.org\/\">http:\/\/audacityteam.org\/<\/a><br \/>\nManuel floss en fran\u00e7ais :\u00a0<a href=\"http:\/\/fr.flossmanuals.net\/audacity\/introduction\/\">http:\/\/fr.flossmanuals.net\/audacity\/introduction\/<\/a><\/div>\n<div># Sensomusic\u00a0<i>Usine<\/i>\u00a0(DAW modulaire &#8211; OSX, WIN) :\u00a0<a href=\"http:\/\/www.sensomusic.org\/index.html\">http:\/\/www.sensomusic.org\/index.html<\/a><br \/>\nVersion actuelle peu cher et certaines versions anciennes gratuites.<\/div>\n<div>#\u00a0<i>Iannix<\/i>\u00a0(OSC non lin\u00e9aire r\u00e9cursif &#8211; OSX, WIN, LINUX)\u00a0<a href=\"http:\/\/www.iannix.org\/\">http:\/\/www.iannix.org<\/a><br \/>\nPour les plus aventureux. Ne produit pas de son, donc doit \u00eatre connect\u00e9 \u00e0 Reaper ou Pure Data.<b>G\u00e9n\u00e9ration et\u00a0<\/b><b><b>traitement\u00a0<\/b>du signal :<\/b><br \/>\n#\u00a0<i>SPEAR<\/i>\u00a0(Editeur spectral &#8211; OSX, WIN):\u00a0<a href=\"http:\/\/www.klingbeil.com\/spear\/\">http:\/\/www.klingbeil.com\/spear\/<\/a><br \/>\n# Les plugins\u00a0<i>SoundMagic Spectral<\/i>\u00a0de Michael Norris (OSX) :\u00a0<a href=\"http:\/\/www.michaelnorris.info\/software\/soundmagic-spectral\">http:\/\/www.michaelnorris.info\/software\/soundmagic-spectral<\/a><br \/>\n# Les logiciels de Xenakios (HourGlass, CDP frontend\u2026 &#8211; OSX, WIN) :\u00a0<a href=\"https:\/\/xenakios.wordpress.com\/\">https:\/\/xenakios.wordpress.com\/<\/a><br \/>\n# Les logiciels d\u2019Olivier B\u00e9langer : Cecilia 5 (bas\u00e9 sur Csound), Soundgrain, etc. (OSX, WIN, LINUX) :\u00a0<a href=\"http:\/\/ajaxsoundstudio.com\/software\/\">http:\/\/ajaxsoundstudio.com\/software\/<\/a><br \/>\n# Les logiciels de Nasca Octavian Paul (Paul Stretch, ZynAddSubFX, HyperMammut &#8211; OSX, WIN, LINUX) :\u00a0<a href=\"http:\/\/www.paulnasca.com\/open-source-projects\">http:\/\/www.paulnasca.com\/open-source-projects<\/a><br \/>\n# Les logiciels d\u2019Alexander Zolotov (Virtual ANS etc. &#8211; OSX, WIN, LINUX, iOS, ANDROID) :\u00a0<a href=\"http:\/\/warmplace.ru\/soft\/ans\/\">http:\/\/warmplace.ru\/soft\/ans\/<\/a><b>Echantillonneur :<\/b><br \/>\n#\u00a0<i>TX16WX<\/i>\u00a0(OSX, WIN) :\u00a0<a href=\"http:\/\/www.tx16wx.com\/\">http:\/\/www.tx16wx.com\/<\/a><\/p>\n<p><b>Synth\u00e9tiseurs et effets :<\/b><br \/>\n# \u00e0 piocher ici :\u00a0<a href=\"http:\/\/bedroomproducersblog.com\/\">http:\/\/bedroomproducersblog.com\/<\/a><br \/>\n# o\u00f9 l\u00e0 :\u00a0<a href=\"http:\/\/www.studiodrive.de\/\">http:\/\/www.studiodrive.de\/<\/a>?<br \/>\n# o\u00f9 encore la suite Computer Music en achetant un magazine (ou souscrivant \u00e0 un mois de test gratuit dans l\u2019application iOS :\u00a0<a href=\"https:\/\/itunes.apple.com\/fr\/app\/computer-music-magazine\/id451402723?mt=8\">https:\/\/itunes.apple.com\/fr\/app\/computer-music-magazine\/id451402723?mt=8<\/a>) :\u00a0<a href=\"http:\/\/www.musicradar.com\/computermusic\/cm-plugins-full-list-of-our-exclusive-free-vst-au-plugin-instruments-and-effects-571808\">http:\/\/www.musicradar.com\/computermusic\/cm-plugins-full-list-of-our-exclusive-free-vst-au-plugin-instruments-and-effects-571808<\/a><\/p>\n<p>&#8211; Quelques synth\u00e9s pour d\u00e9couvrir les diff\u00e9rents types de synth\u00e8se : Aalto Solo (semi modulaire inspir\u00e9 Buchla), Dexed (FM type DX7), MiniSpillage (Percussions), TyrellN6 (soustractive) ; Obxd (type Oberheim), TuneFish4, Lokomotiv, FreeAlpha, Filterscape VA, Helm, PG8X (type Roland JX8P), Synth1 (type Clavia NordLead), etc.<br \/>\n&#8211; Un Orchestre virtuel\u00a0 : Sonatina (SFZ \u00e0 lire dans TX16WX) :\u00a0<a href=\"http:\/\/sso.mattiaswestlund.net\/\">http:\/\/sso.mattiaswestlund.net\/<\/a><br \/>\n&#8211; Un groupe de rock virtuel : MTpowerDrumKit (batterie), Ample Guitar M Lite II (Guitare Folk), cette collection de samples (\u00e0 lire dans TX16WX) de guitares et de basses :\u00a0<a href=\"http:\/\/www.flamestudios.org\/free\/Soundfonts\">http:\/\/www.flamestudios.org\/free\/Soundfonts<\/a>, et ce piano :\u00a0<a href=\"http:\/\/www.ivyaudio.com\/Piano-in-162\">http:\/\/www.ivyaudio.com\/Piano-in-162<\/a>. Pour des listes plus compl\u00e8tes, voir\u00a0<a href=\"http:\/\/bedroomproducersblog.com\/\">http:\/\/bedroomproducersblog.com\/<\/a><\/p>\n<p><b>Partition :<\/b><br \/>\n#\u00a0<i>Musescore<\/i>\u00a0(notation solf\u00e9gique &#8211; OSX, WIN, LINUX) :\u00a0<a href=\"https:\/\/musescore.org\/\">https:\/\/musescore.org<\/a><br \/>\n#\u00a0<i>ScaleGen<\/i>\u00a0(g\u00e9n\u00e9ration et manipulation d\u2019\u00e9chelles de tout type, non octaviantes, microtonales, cribles, etc. &#8211; iOS) :\u00a0<a href=\"http:\/\/www.gestrument.com\/scalegen\/\">http:\/\/www.gestrument.com\/scalegen\/<\/a><\/p>\n<p><b>Analyse :<\/b><br \/>\n#\u00a0<i>Eanalysis<\/i>\u00a0(et les autres logiciels de Pierre Couprie) :\u00a0<a href=\"http:\/\/logiciels.pierrecouprie.fr\/?page_id=402\">http:\/\/logiciels.pierrecouprie.fr\/?page_id=402<\/a><\/p>\n<\/div>\n<div># Acousmographe :\u00a0<a href=\"http:\/\/www.inagrm.com\/accueil\/outils\/acousmographe\">http:\/\/www.inagrm.com\/accueil\/outils\/acousmographe<\/a><\/div>\n<div><b>Programmation :<\/b><br \/>\n#\u00a0<i>Pure Data extended<\/i>\u00a0(OSX, WIN, LINUX) :\u00a0<a href=\"https:\/\/puredata.info\/\">https:\/\/puredata.info\/<\/a><br \/>\navec les extensions suivantes :<br \/>\n&#8211;\u00a0<i>La Malinette<\/i>\u00a0:\u00a0<a href=\"http:\/\/reso-nance.org\/malinette\/fr\/home\">http:\/\/reso-nance.org\/malinette\/fr\/home<\/a><br \/>\n&#8211; Les modules\u00a0<i>ArgoPD<\/i>\u00a0:\u00a0<a href=\"http:\/\/gerard.paresys.free.fr\/ARGOPd\/\">http:\/\/gerard.paresys.free.fr\/ARGOPd\/<\/a><br \/>\n&#8211;\u00a0<i>PD Pulp\u00a0<\/i>(pour faire tourner un patch Pd en VST) :\u00a0<a href=\"http:\/\/pd-pulp.net\/\">http:\/\/pd-pulp.net\/<\/a><br \/>\n&#8211;\u00a0<i>MobMuPlat<\/i>\u00a0(pour faire tourner un patch Pd sur smartphone ou tablette &#8211; iOS, ANDROID) :\u00a0<a href=\"http:\/\/www.mobmuplat.com\/\">http:\/\/www.mobmuplat.com\/<\/a><br \/>\n&#8211; Le manuel floss en fran\u00e7ais :\u00a0<a href=\"http:\/\/fr.flossmanuals.net\/puredata\/introduction\/\">http:\/\/fr.flossmanuals.net\/puredata\/introduction\/<\/a><b>Capteurs et actionneurs :<\/b><br \/>\n#\u00a0<i>Arduino<\/i>\u00a0(Microcontr\u00f4leur pour capteurs et actionneurs &#8211; OSX, WIN, LINUX) :\u00a0<a href=\"https:\/\/www.arduino.cc\/\">https:\/\/www.arduino.cc\/<\/a>(ou variante type Teensy).<br \/>\n&#8211; Manuel floss en fran\u00e7ais :\u00a0<a href=\"http:\/\/fr.flossmanuals.net\/arduino\/historique-du-projet-arduino\/\">http:\/\/fr.flossmanuals.net\/arduino\/historique-du-projet-arduino\/<\/a><br \/>\n&#8211;\u00a0<i>Msg<\/i>\u00a0(permet de transformer les capteurs en donn\u00e9es OSC pour Reaper, Pd, etc.) :\u00a0<a href=\"http:\/\/wiki.t-o-f.info\/index.php?n=Msg.Msg\">http:\/\/wiki.t-o-f.info\/index.php?n=Msg.Msg<\/a><br \/>\n&#8211; Un exemple de pack de capteurs pas trop cher pour faire des tests :\u00a0<a href=\"http:\/\/www.banggood.com\/37-In-1-Sensor-Module-Board-Set-Kit-For-Arduino-p-89734.html\">http:\/\/www.banggood.com\/37-In-1-Sensor-Module-Board-Set-Kit-For-Arduino-p-89734.html<\/a><br \/>\n#\u00a0<i>Fritzing<\/i>\u00a0: pour dessiner des circuits :\u00a0<a href=\"http:\/\/fritzing.org\/home\/\">http:\/\/fritzing.org\/home\/<\/a>\u00a0qui pourront ensuite \u00eatre imprim\u00e9s ici pour pas trop cher :\u00a0<a href=\"http:\/\/www.seeedstudio.com\/service\/\">http:\/\/www.seeedstudio.com\/service\/<\/a><b>Surface de contr\u00f4le :<\/b><br \/>\n#\u00a0<i>TouchOSC<\/i>\u00a0(surface tactile OSC &#8211; iOS, Android) :\u00a0<a href=\"http:\/\/hexler.net\/software\/touchosc\">http:\/\/hexler.net\/software\/touchosc<\/a>\u00a0et\u00a0<a href=\"http:\/\/hexler.net\/software\/touchosc-android\">http:\/\/hexler.net\/software\/touchosc-android<\/a><\/p>\n<\/div>\n<div># Keith McMillen\u00a0<i>K-Board<\/i>\u00a0(touches sensibles \u00e0 la pression et \u00e0 l&rsquo;inclinaison) :\u00a0<a href=\"http:\/\/www.keithmcmillen.com\/products\/k-board\/\">http:\/\/www.keithmcmillen.com\/products\/k-board\/<\/a><\/div>\n<div>#\u00a0<i>Leap Motion<\/i>\u00a0(d\u00e9tecte le mouvement des mains) :\u00a0<a href=\"https:\/\/www.leapmotion.com\/\">https:\/\/www.leapmotion.com\/<\/a><\/div>\n<div># Manettes de jeu usb (Joysticks, Wiimotes, et.)<\/div>\n<div><\/div>\n<div><b>Spatialisation et multiphonie :<\/b><\/div>\n<div>#\u00a0<i>Octogris<\/i>\u00a0(octophonie) :\u00a0<a href=\"http:\/\/sourceforge.net\/projects\/octogris\/\">http:\/\/sourceforge.net\/projects\/octogris\/<\/a><br \/>\n#\u00a0<i>ReaSurround<\/i>\u00a0(64 pistes &#8211; int\u00e9gr\u00e9 \u00e0 Reaper). Cf. Le tuto de Jean-Marc Duchenne :\u00a0<a href=\"http:\/\/acousmodules.free.fr\/reaper\/Bases_de_l_utilisation_de_Reaper+ReaSurround.pdf\">http:\/\/acousmodules.free.fr\/reaper\/Bases_de_l_utilisation_de_Reaper+ReaSurround.pdf<\/a><b>Organisation des banques de son :<\/b><\/div>\n<div>#\u00a0<i>Media Explorer<\/i>\u00a0(int\u00e9gr\u00e9 \u00e0 Reaper) : permet de cr\u00e9er des bases de donn\u00e9es avec des recherches par dossiers, noms de fichiers et m\u00e9tadonn\u00e9es. Pr\u00e9 \u00e9coute et glisser-d\u00e9poser vers la plupart des logiciels (pas seulement Reaper). Beaucoup plus pratique que le Finder ou l&rsquo;explorer Windows et beaucoup moins cher que Soundminer ou Basehead.<\/div>\n<div>#\u00a0<i>Wave Agent<\/i>\u00a0(\u00e9diteur de m\u00e9tadonn\u00e9es pour fichiers wav &#8211; OSX, WIN) :\u00a0<a href=\"http:\/\/www.sounddevices.com\/support\/downloads\/wave-agent\">http:\/\/www.sounddevices.com\/support\/downloads\/wave-agent<\/a><\/div>\n<\/div>\n<p>&nbsp;<\/p>\n","protected":false},"excerpt":{"rendered":"<p>Merci \u00e0 Ga\u00ebl Navard (compositeur et professeur d&rsquo;informatique musicale et de\u00a0composition \u00e9lectroacoustique au Conservatoire et \u00e0 l&rsquo;Universit\u00e9 de Nice) pour cette\u00a0belle\u00a0liste d&rsquo;outils \u00ab\u00a0low cost\u00a0\u00bb qu&rsquo;il a partag\u00e9 avec\u00a0l&rsquo;Association des Enseignants de la Composition en\u00a0Musique\u00a0\u00a0Electroacoustique (AECME). (29 janvier 2016) Bonjour \u00e0 tous, Je partage avec vous une liste d&rsquo;outils tr\u00e8s peu co\u00fbteux que j&rsquo;utilise dans mes &hellip; <a href=\"http:\/\/electro-strasbourg.eu\/blog\/ressources\/outils\/outils-low-cost-pour-la-musique-electroacoustique\/\" class=\"more-link\">Continuer la lecture de <span class=\"screen-reader-text\">Outils low cost pour la musique \u00e9lectroacoustique<\/span>  <span class=\"meta-nav\">&rarr;<\/span><\/a><\/p>\n","protected":false},"author":1,"featured_media":0,"parent":1175,"menu_order":0,"comment_status":"closed","ping_status":"closed","template":"","meta":{"jetpack_post_was_ever_published":false,"footnotes":""},"class_list":["post-1172","page","type-page","status-publish","hentry"],"jetpack_shortlink":"https:\/\/wp.me\/P3WkX1-iU","jetpack_sharing_enabled":true,"_links":{"self":[{"href":"http:\/\/electro-strasbourg.eu\/blog\/wp-json\/wp\/v2\/pages\/1172","targetHints":{"allow":["GET"]}}],"collection":[{"href":"http:\/\/electro-strasbourg.eu\/blog\/wp-json\/wp\/v2\/pages"}],"about":[{"href":"http:\/\/electro-strasbourg.eu\/blog\/wp-json\/wp\/v2\/types\/page"}],"author":[{"embeddable":true,"href":"http:\/\/electro-strasbourg.eu\/blog\/wp-json\/wp\/v2\/users\/1"}],"replies":[{"embeddable":true,"href":"http:\/\/electro-strasbourg.eu\/blog\/wp-json\/wp\/v2\/comments?post=1172"}],"version-history":[{"count":4,"href":"http:\/\/electro-strasbourg.eu\/blog\/wp-json\/wp\/v2\/pages\/1172\/revisions"}],"predecessor-version":[{"id":1182,"href":"http:\/\/electro-strasbourg.eu\/blog\/wp-json\/wp\/v2\/pages\/1172\/revisions\/1182"}],"up":[{"embeddable":true,"href":"http:\/\/electro-strasbourg.eu\/blog\/wp-json\/wp\/v2\/pages\/1175"}],"wp:attachment":[{"href":"http:\/\/electro-strasbourg.eu\/blog\/wp-json\/wp\/v2\/media?parent=1172"}],"curies":[{"name":"wp","href":"https:\/\/api.w.org\/{rel}","templated":true}]}}