{"id":4949,"date":"2024-06-17T19:45:27","date_gmt":"2024-06-17T17:45:27","guid":{"rendered":"http:\/\/electro-strasbourg.eu\/blog\/wp-content\/uploads\/2024\/06\/240609-11_JJC2024-019-ASchlub.jpeg"},"modified":"2024-06-17T20:31:41","modified_gmt":"2024-06-17T18:31:41","slug":"240609-11_jjc2024-019","status":"inherit","type":"attachment","link":"http:\/\/electro-strasbourg.eu\/blog\/240609-11_jjc2024-019\/","title":{"rendered":"240609-11_JJC2024-019"},"author":1,"featured_media":0,"comment_status":"closed","ping_status":"closed","template":"","meta":{"jetpack_post_was_ever_published":false},"class_list":["post-4949","attachment","type-attachment","status-inherit","hentry"],"jetpack_shortlink":"https:\/\/wp.me\/a3WkX1-1hP","jetpack_sharing_enabled":true,"description":{"rendered":"<p class=\"attachment\"><a href=\"https:\/\/i0.wp.com\/electro-strasbourg.eu\/blog\/wp-content\/uploads\/2024\/06\/240609-11_JJC2024-019-ASchlub-scaled.jpeg\"><img loading=\"lazy\" decoding=\"async\" width=\"300\" height=\"200\" src=\"https:\/\/i0.wp.com\/electro-strasbourg.eu\/blog\/wp-content\/uploads\/2024\/06\/240609-11_JJC2024-019-ASchlub-scaled.jpeg?fit=300%2C200\" class=\"attachment-medium size-medium\" alt=\"\" srcset=\"https:\/\/i0.wp.com\/electro-strasbourg.eu\/blog\/wp-content\/uploads\/2024\/06\/240609-11_JJC2024-019-ASchlub-scaled.jpeg?w=2560 2560w, https:\/\/i0.wp.com\/electro-strasbourg.eu\/blog\/wp-content\/uploads\/2024\/06\/240609-11_JJC2024-019-ASchlub-scaled.jpeg?resize=300%2C200 300w, https:\/\/i0.wp.com\/electro-strasbourg.eu\/blog\/wp-content\/uploads\/2024\/06\/240609-11_JJC2024-019-ASchlub-scaled.jpeg?resize=1024%2C681 1024w, https:\/\/i0.wp.com\/electro-strasbourg.eu\/blog\/wp-content\/uploads\/2024\/06\/240609-11_JJC2024-019-ASchlub-scaled.jpeg?resize=768%2C511 768w, https:\/\/i0.wp.com\/electro-strasbourg.eu\/blog\/wp-content\/uploads\/2024\/06\/240609-11_JJC2024-019-ASchlub-scaled.jpeg?resize=1536%2C1022 1536w, https:\/\/i0.wp.com\/electro-strasbourg.eu\/blog\/wp-content\/uploads\/2024\/06\/240609-11_JJC2024-019-ASchlub-scaled.jpeg?resize=2048%2C1363 2048w, https:\/\/i0.wp.com\/electro-strasbourg.eu\/blog\/wp-content\/uploads\/2024\/06\/240609-11_JJC2024-019-ASchlub-scaled.jpeg?w=948 948w, https:\/\/i0.wp.com\/electro-strasbourg.eu\/blog\/wp-content\/uploads\/2024\/06\/240609-11_JJC2024-019-ASchlub-scaled.jpeg?w=1422 1422w\" sizes=\"auto, (max-width: 300px) 100vw, 300px\" data-attachment-id=\"4949\" data-permalink=\"http:\/\/electro-strasbourg.eu\/blog\/240609-11_jjc2024-019\/\" data-orig-file=\"https:\/\/i0.wp.com\/electro-strasbourg.eu\/blog\/wp-content\/uploads\/2024\/06\/240609-11_JJC2024-019-ASchlub-scaled.jpeg?fit=2560%2C1704\" data-orig-size=\"2560,1704\" data-comments-opened=\"0\" data-image-meta=\"{&quot;aperture&quot;:&quot;3.2&quot;,&quot;credit&quot;:&quot;&quot;,&quot;camera&quot;:&quot;NIKON Z 6&quot;,&quot;caption&quot;:&quot;&quot;,&quot;created_timestamp&quot;:&quot;1718040610&quot;,&quot;copyright&quot;:&quot;&quot;,&quot;focal_length&quot;:&quot;70&quot;,&quot;iso&quot;:&quot;6400&quot;,&quot;shutter_speed&quot;:&quot;0.008&quot;,&quot;title&quot;:&quot;240609-11_JJC2024-019&quot;,&quot;orientation&quot;:&quot;1&quot;}\" data-image-title=\"240609-11_JJC2024-019\" data-image-description=\"\" data-image-caption=\"&lt;p&gt;Journ\u00e9es de la Jeune Cr\u00e9ation 2024, CRR Strasbourg et HEAR-Musique (cr\u00e9dit photo Alexandre Schlub)&lt;\/p&gt;\n\" data-medium-file=\"https:\/\/i0.wp.com\/electro-strasbourg.eu\/blog\/wp-content\/uploads\/2024\/06\/240609-11_JJC2024-019-ASchlub-scaled.jpeg?fit=300%2C200\" data-large-file=\"https:\/\/i0.wp.com\/electro-strasbourg.eu\/blog\/wp-content\/uploads\/2024\/06\/240609-11_JJC2024-019-ASchlub-scaled.jpeg?fit=474%2C315\" \/><\/a><\/p>\n"},"caption":{"rendered":"<p>Journ\u00e9es de la Jeune Cr\u00e9ation 2024, CRR Strasbourg et HEAR-Musique (cr\u00e9dit photo Alexandre Schlub)<\/p>\n"},"alt_text":"","media_type":"image","mime_type":"image\/jpeg","media_details":{"width":2560,"height":1704,"file":"2024\/06\/240609-11_JJC2024-019-ASchlub-scaled.jpeg","filesize":239978,"sizes":{"medium":{"file":"240609-11_JJC2024-019-ASchlub-300x200.jpeg","width":300,"height":200,"filesize":12936,"mime_type":"image\/jpeg","source_url":"https:\/\/i0.wp.com\/electro-strasbourg.eu\/blog\/wp-content\/uploads\/2024\/06\/240609-11_JJC2024-019-ASchlub-scaled.jpeg?fit=300%2C200"},"large":{"file":"240609-11_JJC2024-019-ASchlub-1024x681.jpeg","width":1024,"height":681,"filesize":63156,"mime_type":"image\/jpeg","source_url":"https:\/\/i0.wp.com\/electro-strasbourg.eu\/blog\/wp-content\/uploads\/2024\/06\/240609-11_JJC2024-019-ASchlub-scaled.jpeg?fit=474%2C315"},"thumbnail":{"file":"240609-11_JJC2024-019-ASchlub-150x150.jpeg","width":150,"height":150,"filesize":7547,"mime_type":"image\/jpeg","source_url":"https:\/\/i0.wp.com\/electro-strasbourg.eu\/blog\/wp-content\/uploads\/2024\/06\/240609-11_JJC2024-019-ASchlub-scaled.jpeg?resize=150%2C150"},"medium_large":{"file":"240609-11_JJC2024-019-ASchlub-768x511.jpeg","width":768,"height":511,"filesize":42569,"mime_type":"image\/jpeg","source_url":"https:\/\/i0.wp.com\/electro-strasbourg.eu\/blog\/wp-content\/uploads\/2024\/06\/240609-11_JJC2024-019-ASchlub-scaled.jpeg?fit=474%2C315"},"1536x1536":{"file":"240609-11_JJC2024-019-ASchlub-1536x1022.jpeg","width":1536,"height":1022,"filesize":111452,"mime_type":"image\/jpeg","source_url":"https:\/\/i0.wp.com\/electro-strasbourg.eu\/blog\/wp-content\/uploads\/2024\/06\/240609-11_JJC2024-019-ASchlub-scaled.jpeg?fit=1536%2C1022"},"2048x2048":{"file":"240609-11_JJC2024-019-ASchlub-2048x1363.jpeg","width":2048,"height":1363,"filesize":170275,"mime_type":"image\/jpeg","source_url":"https:\/\/i0.wp.com\/electro-strasbourg.eu\/blog\/wp-content\/uploads\/2024\/06\/240609-11_JJC2024-019-ASchlub-scaled.jpeg?fit=2048%2C1363"},"post-thumbnail":{"file":"240609-11_JJC2024-019-ASchlub-672x372.jpeg","width":672,"height":372,"filesize":32340,"mime_type":"image\/jpeg","source_url":"https:\/\/i0.wp.com\/electro-strasbourg.eu\/blog\/wp-content\/uploads\/2024\/06\/240609-11_JJC2024-019-ASchlub-scaled.jpeg?resize=672%2C372"},"twentyfourteen-full-width":{"file":"240609-11_JJC2024-019-ASchlub-1038x576.jpeg","width":1038,"height":576,"filesize":58057,"mime_type":"image\/jpeg","source_url":"https:\/\/i0.wp.com\/electro-strasbourg.eu\/blog\/wp-content\/uploads\/2024\/06\/240609-11_JJC2024-019-ASchlub-scaled.jpeg?resize=1038%2C576"},"jetpack-portfolio-admin-thumb":{"file":"240609-11_JJC2024-019-ASchlub-50x50.jpeg","width":50,"height":50,"filesize":3659,"mime_type":"image\/jpeg","source_url":"https:\/\/i0.wp.com\/electro-strasbourg.eu\/blog\/wp-content\/uploads\/2024\/06\/240609-11_JJC2024-019-ASchlub-scaled.jpeg?resize=50%2C50"},"full":{"file":"240609-11_JJC2024-019-ASchlub-scaled.jpeg?fit=2560%2C1704","width":2560,"height":1704,"mime_type":"image\/jpeg","source_url":"https:\/\/i0.wp.com\/electro-strasbourg.eu\/blog\/wp-content\/uploads\/2024\/06\/240609-11_JJC2024-019-ASchlub-scaled.jpeg?fit=2560%2C1704"}},"image_meta":{"aperture":"3.2","credit":"","camera":"NIKON Z 6","caption":"","created_timestamp":"1718040610","copyright":"","focal_length":"70","iso":"6400","shutter_speed":"0.008","title":"240609-11_JJC2024-019","orientation":"1","keywords":[]},"original_image":"240609-11_JJC2024-019-ASchlub.jpeg"},"post":null,"source_url":"http:\/\/electro-strasbourg.eu\/blog\/wp-content\/uploads\/2024\/06\/240609-11_JJC2024-019-ASchlub-scaled.jpeg","_links":{"self":[{"href":"http:\/\/electro-strasbourg.eu\/blog\/wp-json\/wp\/v2\/media\/4949","targetHints":{"allow":["GET"]}}],"collection":[{"href":"http:\/\/electro-strasbourg.eu\/blog\/wp-json\/wp\/v2\/media"}],"about":[{"href":"http:\/\/electro-strasbourg.eu\/blog\/wp-json\/wp\/v2\/types\/attachment"}],"author":[{"embeddable":true,"href":"http:\/\/electro-strasbourg.eu\/blog\/wp-json\/wp\/v2\/users\/1"}],"replies":[{"embeddable":true,"href":"http:\/\/electro-strasbourg.eu\/blog\/wp-json\/wp\/v2\/comments?post=4949"}]}}

<p class="attachment"><a href="https://i0.wp.com/electro-strasbourg.eu/blog/wp-content/uploads/2024/06/240609-11_JJC2024-019-ASchlub-scaled.jpeg"><img loading="lazy" decoding="async" width="300" height="200" src="https://i0.wp.com/electro-strasbourg.eu/blog/wp-content/uploads/2024/06/240609-11_JJC2024-019-ASchlub-scaled.jpeg?fit=300%2C200" class="attachment-medium size-medium" alt="" srcset="https://i0.wp.com/electro-strasbourg.eu/blog/wp-content/uploads/2024/06/240609-11_JJC2024-019-ASchlub-scaled.jpeg?w=2560 2560w, https://i0.wp.com/electro-strasbourg.eu/blog/wp-content/uploads/2024/06/240609-11_JJC2024-019-ASchlub-scaled.jpeg?resize=300%2C200 300w, https://i0.wp.com/electro-strasbourg.eu/blog/wp-content/uploads/2024/06/240609-11_JJC2024-019-ASchlub-scaled.jpeg?resize=1024%2C681 1024w, https://i0.wp.com/electro-strasbourg.eu/blog/wp-content/uploads/2024/06/240609-11_JJC2024-019-ASchlub-scaled.jpeg?resize=768%2C511 768w, https://i0.wp.com/electro-strasbourg.eu/blog/wp-content/uploads/2024/06/240609-11_JJC2024-019-ASchlub-scaled.jpeg?resize=1536%2C1022 1536w, https://i0.wp.com/electro-strasbourg.eu/blog/wp-content/uploads/2024/06/240609-11_JJC2024-019-ASchlub-scaled.jpeg?resize=2048%2C1363 2048w, https://i0.wp.com/electro-strasbourg.eu/blog/wp-content/uploads/2024/06/240609-11_JJC2024-019-ASchlub-scaled.jpeg?w=948 948w, https://i0.wp.com/electro-strasbourg.eu/blog/wp-content/uploads/2024/06/240609-11_JJC2024-019-ASchlub-scaled.jpeg?w=1422 1422w" sizes="auto, (max-width: 300px) 100vw, 300px" data-attachment-id="4949" data-permalink="http://electro-strasbourg.eu/blog/240609-11_jjc2024-019/" data-orig-file="https://i0.wp.com/electro-strasbourg.eu/blog/wp-content/uploads/2024/06/240609-11_JJC2024-019-ASchlub-scaled.jpeg?fit=2560%2C1704" data-orig-size="2560,1704" data-comments-opened="0" data-image-meta="{&quot;aperture&quot;:&quot;3.2&quot;,&quot;credit&quot;:&quot;&quot;,&quot;camera&quot;:&quot;NIKON Z 6&quot;,&quot;caption&quot;:&quot;&quot;,&quot;created_timestamp&quot;:&quot;1718040610&quot;,&quot;copyright&quot;:&quot;&quot;,&quot;focal_length&quot;:&quot;70&quot;,&quot;iso&quot;:&quot;6400&quot;,&quot;shutter_speed&quot;:&quot;0.008&quot;,&quot;title&quot;:&quot;240609-11_JJC2024-019&quot;,&quot;orientation&quot;:&quot;1&quot;}" data-image-title="240609-11_JJC2024-019" data-image-description="" data-image-caption="&lt;p&gt;Journées de la Jeune Création 2024, CRR Strasbourg et HEAR-Musique (crédit photo Alexandre Schlub)&lt;/p&gt;
" data-medium-file="https://i0.wp.com/electro-strasbourg.eu/blog/wp-content/uploads/2024/06/240609-11_JJC2024-019-ASchlub-scaled.jpeg?fit=300%2C200" data-large-file="https://i0.wp.com/electro-strasbourg.eu/blog/wp-content/uploads/2024/06/240609-11_JJC2024-019-ASchlub-scaled.jpeg?fit=474%2C315" /></a></p>

<p>Journées de la Jeune Création 2024, CRR Strasbourg et HEAR-Musique (crédit photo Alexandre Schlub)</p>
